CRAN Package Check Results for Package SPOTMisc

Last updated on 2022-05-15 01:52:32 CEST.

Flavor Version Tinstall Tcheck Ttotal Status Flags
r-devel-linux-x86_64-debian-clang 1.18.14 24.98 217.49 242.47 OK
r-devel-linux-x86_64-debian-gcc 1.18.14 21.78 163.22 185.00 OK
r-devel-linux-x86_64-fedora-clang 1.18.14 296.71 NOTE
r-devel-linux-x86_64-fedora-gcc 1.18.14 309.36 OK
r-devel-windows-x86_64 1.18.14 73.00 244.00 317.00 OK
r-patched-linux-x86_64 1.18.14 29.20 205.21 234.41 OK
r-release-linux-x86_64 1.18.14 22.59 206.83 229.42 OK
r-release-macos-arm64 1.18.14 111.00 OK
r-release-macos-x86_64 1.18.14 161.00 OK
r-release-windows-x86_64 1.18.14 78.00 234.00 312.00 OK
r-oldrel-macos-arm64 1.18.14 97.00 OK
r-oldrel-macos-x86_64 1.18.14 157.00 OK
r-oldrel-windows-ix86+x86_64 1.18.14 55.00 237.00 292.00 OK

Additional issues

donttest

Check Details

Version: 1.18.14
Check: Rd cross-references
Result: NOTE
    Undeclared package ‘xgboost’ in Rd xrefs
Flavor: r-devel-linux-x86_64-fedora-clang