CRAN Package Check Results for Package SLTCA

Last updated on 2022-05-15 01:52:31 CEST.

Flavor Version Tinstall Tcheck Ttotal Status Flags
r-devel-linux-x86_64-debian-clang 0.1.0 4.61 53.02 57.63 NOTE
r-devel-linux-x86_64-debian-gcc 0.1.0 3.27 39.28 42.55 NOTE
r-devel-linux-x86_64-fedora-clang 0.1.0 68.73 NOTE
r-devel-linux-x86_64-fedora-gcc 0.1.0 68.60 NOTE
r-devel-windows-x86_64 0.1.0 10.00 68.00 78.00 NOTE
r-patched-linux-x86_64 0.1.0 3.82 51.46 55.28 NOTE
r-release-linux-x86_64 0.1.0 3.06 49.74 52.80 NOTE
r-release-macos-arm64 0.1.0 21.00 NOTE
r-release-macos-x86_64 0.1.0 34.00 NOTE
r-release-windows-x86_64 0.1.0 8.00 65.00 73.00 NOTE
r-oldrel-macos-arm64 0.1.0 26.00 NOTE
r-oldrel-macos-x86_64 0.1.0 40.00 NOTE
r-oldrel-windows-ix86+x86_64 0.1.0 9.00 61.00 70.00 NOTE

Check Details

Version: 0.1.0
Check: LazyData
Result: NOTE
     'LazyData' is specified without a 'data' directory
Flavors: r-devel-linux-x86_64-debian-clang, r-devel-linux-x86_64-debian-gcc, r-devel-linux-x86_64-fedora-clang, r-devel-linux-x86_64-fedora-gcc, r-devel-windows-x86_64, r-patched-linux-x86_64, r-release-linux-x86_64, r-release-macos-arm64, r-release-macos-x86_64, r-release-windows-x86_64, r-oldrel-macos-arm64, r-oldrel-macos-x86_64, r-oldrel-windows-ix86+x86_64