Last updated on 2022-05-15 01:52:31 CEST.
Flavor | Version | Tinstall | Tcheck | Ttotal | Status | Flags |
---|---|---|---|---|---|---|
r-devel-linux-x86_64-debian-clang | 2.1-1 | 3.47 | 29.34 | 32.81 | OK | |
r-devel-linux-x86_64-debian-gcc | 2.1-1 | 2.76 | 22.61 | 25.37 | OK | |
r-devel-linux-x86_64-fedora-clang | 2.1-1 | 41.05 | NOTE | |||
r-devel-linux-x86_64-fedora-gcc | 2.1-1 | 40.02 | NOTE | |||
r-devel-windows-x86_64 | 2.1-1 | 11.00 | 45.00 | 56.00 | OK | |
r-patched-linux-x86_64 | 2.1-1 | 3.40 | 28.67 | 32.07 | OK | |
r-release-linux-x86_64 | 2.1-1 | 3.06 | 27.87 | 30.93 | OK | |
r-release-macos-arm64 | 2.1-1 | 17.00 | OK | |||
r-release-macos-x86_64 | 2.1-1 | 22.00 | OK | |||
r-release-windows-x86_64 | 2.1-1 | 7.00 | 45.00 | 52.00 | OK | |
r-oldrel-macos-arm64 | 2.1-1 | 20.00 | OK | |||
r-oldrel-macos-x86_64 | 2.1-1 | 29.00 | OK | |||
r-oldrel-windows-ix86+x86_64 | 2.1-1 | 8.00 | 44.00 | 52.00 | OK |
Version: 2.1-1
Check: compiled code
Result: NOTE
File ‘SLHD/libs/SLHD.so’:
Found no calls to: ‘R_registerRoutines’, ‘R_useDynamicSymbols’
It is good practice to register native routines and to disable symbol
search.
See ‘Writing portable packages’ in the ‘Writing R Extensions’ manual.
Flavors: r-devel-linux-x86_64-fedora-clang, r-devel-linux-x86_64-fedora-gcc