Last updated on 2022-05-15 01:52:30 CEST.
Flavor | Version | Tinstall | Tcheck | Ttotal | Status | Flags |
---|---|---|---|---|---|---|
r-devel-linux-x86_64-debian-clang | 1.9-5.0 | 64.21 | 314.17 | 378.38 | OK | |
r-devel-linux-x86_64-debian-gcc | 1.9-5.0 | 49.90 | 223.37 | 273.27 | OK | |
r-devel-linux-x86_64-fedora-clang | 1.9-5.0 | 462.71 | NOTE | |||
r-devel-linux-x86_64-fedora-gcc | 1.9-5.0 | 452.07 | OK | |||
r-devel-windows-x86_64 | 1.9-5.0 | 72.00 | 296.00 | 368.00 | NOTE | |
r-patched-linux-x86_64 | 1.9-5.0 | 60.82 | 285.86 | 346.68 | OK | |
r-release-linux-x86_64 | 1.9-5.0 | 56.38 | 289.83 | 346.21 | OK | |
r-release-macos-arm64 | 1.9-5.0 | 111.00 | NOTE | |||
r-release-macos-x86_64 | 1.9-5.0 | 171.00 | NOTE | |||
r-release-windows-x86_64 | 1.9-5.0 | 74.00 | 297.00 | 371.00 | NOTE | |
r-oldrel-macos-arm64 | 1.9-5.0 | 117.00 | NOTE | |||
r-oldrel-macos-x86_64 | 1.9-5.0 | 161.00 | NOTE | |||
r-oldrel-windows-ix86+x86_64 | 1.9-5.0 | 107.00 | 336.00 | 443.00 | NOTE |
Version: 1.9-5.0
Check: package dependencies
Result: NOTE
Imports includes 22 non-default packages.
Importing from so many packages makes the package vulnerable to any of
them becoming unavailable. Move as many as possible to Suggests and
use conditionally.
Flavor: r-devel-linux-x86_64-fedora-clang
Version: 1.9-5.0
Check: installed package size
Result: NOTE
installed size is 5.8Mb
sub-directories of 1Mb or more:
R 1.3Mb
doc 3.4Mb
Flavors: r-devel-linux-x86_64-fedora-clang, r-devel-windows-x86_64, r-release-macos-arm64, r-release-macos-x86_64, r-release-windows-x86_64, r-oldrel-macos-arm64, r-oldrel-macos-x86_64, r-oldrel-windows-ix86+x86_64