Last updated on 2022-05-15 01:52:29 CEST.
Flavor | Version | Tinstall | Tcheck | Ttotal | Status | Flags |
---|---|---|---|---|---|---|
r-devel-linux-x86_64-debian-clang | 0.3.9 | 69.79 | 161.35 | 231.14 | OK | |
r-devel-linux-x86_64-debian-gcc | 0.3.9 | 56.98 | 119.50 | 176.48 | OK | |
r-devel-linux-x86_64-fedora-clang | 0.3.9 | 298.28 | OK | |||
r-devel-linux-x86_64-fedora-gcc | 0.3.9 | 144.04 | OK | |||
r-devel-windows-x86_64 | 0.3.9 | 66.00 | 186.00 | 252.00 | OK | |
r-patched-linux-x86_64 | 0.3.9 | 61.31 | 150.26 | 211.57 | OK | |
r-release-linux-x86_64 | 0.3.9 | 59.00 | 153.50 | 212.50 | OK | |
r-release-macos-arm64 | 0.3.9 | 66.00 | NOTE | |||
r-release-macos-x86_64 | 0.3.9 | 104.00 | NOTE | |||
r-release-windows-x86_64 | 0.3.9 | 71.00 | 232.00 | 303.00 | OK | |
r-oldrel-macos-arm64 | 0.3.9 | 72.00 | NOTE | |||
r-oldrel-macos-x86_64 | 0.3.9 | 97.00 | NOTE | |||
r-oldrel-windows-ix86+x86_64 | 0.3.9 | 160.00 | 242.00 | 402.00 | OK |
Version: 0.3.9
Check: installed package size
Result: NOTE
installed size is 5.7Mb
sub-directories of 1Mb or more:
libs 5.5Mb
Flavors: r-release-macos-arm64, r-release-macos-x86_64, r-oldrel-macos-arm64, r-oldrel-macos-x86_64