Last updated on 2022-05-15 01:52:29 CEST.
Flavor | Version | Tinstall | Tcheck | Ttotal | Status | Flags |
---|---|---|---|---|---|---|
r-devel-linux-x86_64-debian-clang | 1.1-1 | 5.49 | 43.65 | 49.14 | OK | |
r-devel-linux-x86_64-debian-gcc | 1.1-1 | 4.65 | 33.55 | 38.20 | OK | |
r-devel-linux-x86_64-fedora-clang | 1.1-1 | 62.05 | NOTE | |||
r-devel-linux-x86_64-fedora-gcc | 1.1-1 | 60.34 | NOTE | |||
r-devel-windows-x86_64 | 1.1-1 | 47.00 | 66.00 | 113.00 | OK | |
r-patched-linux-x86_64 | 1.1-1 | 6.35 | 41.30 | 47.65 | OK | |
r-release-linux-x86_64 | 1.1-1 | 6.45 | 42.16 | 48.61 | OK | |
r-release-macos-arm64 | 1.1-1 | 19.00 | OK | |||
r-release-macos-x86_64 | 1.1-1 | 28.00 | OK | |||
r-release-windows-x86_64 | 1.1-1 | 34.00 | 58.00 | 92.00 | OK | |
r-oldrel-macos-arm64 | 1.1-1 | 23.00 | OK | |||
r-oldrel-macos-x86_64 | 1.1-1 | 40.00 | OK | |||
r-oldrel-windows-ix86+x86_64 | 1.1-1 | 12.00 | 60.00 | 72.00 | OK |
Version: 1.1-1
Check: compiled code
Result: NOTE
File ‘Rook/libs/Rook.so’:
Found no call to: ‘R_useDynamicSymbols’
It is good practice to register native routines and to disable symbol
search.
See ‘Writing portable packages’ in the ‘Writing R Extensions’ manual.
Flavors: r-devel-linux-x86_64-fedora-clang, r-devel-linux-x86_64-fedora-gcc