Last updated on 2022-05-15 01:52:29 CEST.
Flavor | Version | Tinstall | Tcheck | Ttotal | Status | Flags |
---|---|---|---|---|---|---|
r-devel-linux-x86_64-debian-clang | 2.1.6 | 513.40 | 76.80 | 590.20 | WARN | |
r-devel-linux-x86_64-debian-gcc | 2.1.6 | 453.64 | 82.66 | 536.30 | OK | |
r-devel-linux-x86_64-fedora-clang | 2.1.6 | 960.76 | WARN | |||
r-devel-linux-x86_64-fedora-gcc | 2.1.6 | 883.73 | OK | |||
r-devel-windows-x86_64 | 2.1.6 | 499.00 | 155.00 | 654.00 | OK | |
r-patched-linux-x86_64 | 2.1.6 | 500.79 | 106.40 | 607.19 | OK | |
r-release-linux-x86_64 | 2.1.6 | 487.75 | 103.90 | 591.65 | OK | |
r-release-macos-arm64 | 2.1.6 | 184.00 | NOTE | |||
r-release-macos-x86_64 | 2.1.6 | 269.00 | NOTE | |||
r-release-windows-x86_64 | 2.1.6 | 501.00 | 159.00 | 660.00 | OK | |
r-oldrel-macos-arm64 | 2.1.6 | 274.00 | NOTE | |||
r-oldrel-macos-x86_64 | 2.1.6 | 265.00 | NOTE | |||
r-oldrel-windows-ix86+x86_64 | 2.1.6 | 1369.00 | 207.00 | 1576.00 | OK |
Version: 2.1.6
Check: whether package can be installed
Result: WARN
Found the following significant warnings:
ClusteringInputHandling.cpp:61:12: warning: use of bitwise '&' with boolean operands [-Wbitwise-instead-of-logical]
ClusteringInputHandling.cpp:72:12: warning: use of bitwise '&' with boolean operands [-Wbitwise-instead-of-logical]
Flavors: r-devel-linux-x86_64-debian-clang, r-devel-linux-x86_64-fedora-clang
Version: 2.1.6
Check: installed package size
Result: NOTE
installed size is 32.5Mb
sub-directories of 1Mb or more:
libs 31.6Mb
Flavors: r-devel-linux-x86_64-fedora-clang, r-release-macos-arm64, r-release-macos-x86_64, r-oldrel-macos-arm64, r-oldrel-macos-x86_64