Last updated on 2022-05-15 01:52:29 CEST.
Flavor | Version | Tinstall | Tcheck | Ttotal | Status | Flags |
---|---|---|---|---|---|---|
r-devel-linux-x86_64-debian-clang | 1.1.2 | 3.18 | 33.22 | 36.40 | OK | |
r-devel-linux-x86_64-debian-gcc | 1.1.2 | 2.39 | 25.47 | 27.86 | OK | |
r-devel-linux-x86_64-fedora-clang | 1.1.2 | 45.78 | NOTE | |||
r-devel-linux-x86_64-fedora-gcc | 1.1.2 | 44.29 | NOTE | |||
r-devel-windows-x86_64 | 1.1.2 | 10.00 | 53.00 | 63.00 | OK | |
r-patched-linux-x86_64 | 1.1.2 | 3.23 | 31.50 | 34.73 | OK | |
r-release-linux-x86_64 | 1.1.2 | 2.40 | 31.80 | 34.20 | OK | |
r-release-macos-arm64 | 1.1.2 | 17.00 | OK | |||
r-release-macos-x86_64 | 1.1.2 | 21.00 | OK | |||
r-release-windows-x86_64 | 1.1.2 | 13.00 | 51.00 | 64.00 | OK | |
r-oldrel-macos-arm64 | 1.1.2 | 23.00 | OK | |||
r-oldrel-macos-x86_64 | 1.1.2 | 26.00 | OK | |||
r-oldrel-windows-ix86+x86_64 | 1.1.2 | 9.00 | 56.00 | 65.00 | OK |
Version: 1.1.2
Check: compiled code
Result: NOTE
File ‘Rlof/libs/Rlof.so’:
Found no calls to: ‘R_registerRoutines’, ‘R_useDynamicSymbols’
It is good practice to register native routines and to disable symbol
search.
See ‘Writing portable packages’ in the ‘Writing R Extensions’ manual.
Flavors: r-devel-linux-x86_64-fedora-clang, r-devel-linux-x86_64-fedora-gcc