Last updated on 2022-05-15 01:52:29 CEST.
Flavor | Version | Tinstall | Tcheck | Ttotal | Status | Flags |
---|---|---|---|---|---|---|
r-devel-linux-x86_64-debian-clang | 1.0.2 | 2.17 | 33.77 | 35.94 | NOTE | |
r-devel-linux-x86_64-debian-gcc | 1.0.2 | 1.62 | 26.34 | 27.96 | NOTE | |
r-devel-linux-x86_64-fedora-clang | 1.0.2 | 46.13 | NOTE | |||
r-devel-linux-x86_64-fedora-gcc | 1.0.2 | 43.79 | NOTE | |||
r-devel-windows-x86_64 | 1.0.2 | 13.00 | 55.00 | 68.00 | OK | |
r-patched-linux-x86_64 | 1.0.2 | 3.92 | 32.80 | 36.72 | NOTE | |
r-release-linux-x86_64 | 1.0.2 | 1.38 | 32.37 | 33.75 | NOTE | |
r-release-macos-arm64 | 1.0.2 | 15.00 | OK | |||
r-release-macos-x86_64 | 1.0.2 | 22.00 | OK | |||
r-release-windows-x86_64 | 1.0.2 | 11.00 | 55.00 | 66.00 | OK | |
r-oldrel-macos-arm64 | 1.0.2 | 18.00 | OK | |||
r-oldrel-macos-x86_64 | 1.0.2 | 26.00 | OK | |||
r-oldrel-windows-ix86+x86_64 | 1.0.2 | 6.00 | 42.00 | 48.00 | OK |
Version: 1.0.2
Check: for non-standard things in the check directory
Result: NOTE
Found the following files/directories:
'B110711CD4.CSV' 'inputparam2.txt' 'itcout0.pdf' 'itcout1.eps'
'origin_data.csv'
Flavors: r-devel-linux-x86_64-debian-clang, r-devel-linux-x86_64-debian-gcc, r-devel-linux-x86_64-fedora-clang, r-devel-linux-x86_64-fedora-gcc, r-patched-linux-x86_64, r-release-linux-x86_64