CRAN Package Check Results for Package Rcssplot

Last updated on 2022-05-15 01:52:28 CEST.

Flavor Version Tinstall Tcheck Ttotal Status Flags
r-devel-linux-x86_64-debian-clang 1.0.0 3.87 48.19 52.06 NOTE
r-devel-linux-x86_64-debian-gcc 1.0.0 2.54 37.15 39.69 NOTE
r-devel-linux-x86_64-fedora-clang 1.0.0 67.31 NOTE
r-devel-linux-x86_64-fedora-gcc 1.0.0 65.27 NOTE
r-devel-windows-x86_64 1.0.0 40.00 85.00 125.00 NOTE
r-patched-linux-x86_64 1.0.0 3.66 46.72 50.38 NOTE
r-release-linux-x86_64 1.0.0 2.17 45.94 48.11 NOTE
r-release-macos-arm64 1.0.0 21.00 NOTE
r-release-macos-x86_64 1.0.0 30.00 NOTE
r-release-windows-x86_64 1.0.0 36.00 185.00 221.00 NOTE
r-oldrel-macos-arm64 1.0.0 24.00 NOTE
r-oldrel-macos-x86_64 1.0.0 38.00 NOTE
r-oldrel-windows-ix86+x86_64 1.0.0 8.00 77.00 85.00 NOTE

Check Details

Version: 1.0.0
Check: LazyData
Result: NOTE
     'LazyData' is specified without a 'data' directory
Flavors: r-devel-linux-x86_64-debian-clang, r-devel-linux-x86_64-debian-gcc, r-devel-linux-x86_64-fedora-clang, r-devel-linux-x86_64-fedora-gcc, r-devel-windows-x86_64, r-patched-linux-x86_64, r-release-linux-x86_64, r-release-macos-arm64, r-release-macos-x86_64, r-release-windows-x86_64, r-oldrel-macos-arm64, r-oldrel-macos-x86_64, r-oldrel-windows-ix86+x86_64