Last updated on 2022-05-15 01:52:28 CEST.
Flavor | Version | Tinstall | Tcheck | Ttotal | Status | Flags |
---|---|---|---|---|---|---|
r-devel-linux-x86_64-debian-clang | 5.1.5 | 51.46 | 86.50 | 137.96 | NOTE | |
r-devel-linux-x86_64-debian-gcc | 5.1.5 | 36.96 | 64.33 | 101.29 | NOTE | |
r-devel-linux-x86_64-fedora-clang | 5.1.5 | 211.59 | NOTE | |||
r-devel-linux-x86_64-fedora-gcc | 5.1.5 | 172.22 | NOTE | |||
r-devel-windows-x86_64 | 5.1.5 | 785.00 | 125.00 | 910.00 | NOTE | |
r-patched-linux-x86_64 | 5.1.5 | 45.40 | 78.89 | 124.29 | NOTE | |
r-release-linux-x86_64 | 5.1.5 | 45.71 | 78.21 | 123.92 | NOTE | |
r-release-macos-arm64 | 5.1.5 | 49.00 | NOTE | |||
r-release-macos-x86_64 | 5.1.5 | 75.00 | NOTE | |||
r-release-windows-x86_64 | 5.1.5 | 989.00 | 161.00 | 1150.00 | NOTE | |
r-oldrel-macos-arm64 | 5.1.5 | 57.00 | NOTE | |||
r-oldrel-macos-x86_64 | 5.1.5 | 114.00 | NOTE | |||
r-oldrel-windows-ix86+x86_64 | 5.1.5 | 308.00 | 179.00 | 487.00 | NOTE |
Version: 5.1.5
Check: for GNU extensions in Makefiles
Result: NOTE
GNU make is a SystemRequirements.
Flavors: r-devel-linux-x86_64-debian-clang, r-devel-linux-x86_64-debian-gcc, r-devel-linux-x86_64-fedora-clang, r-devel-linux-x86_64-fedora-gcc, r-devel-windows-x86_64, r-patched-linux-x86_64, r-release-linux-x86_64, r-release-macos-arm64, r-release-macos-x86_64, r-release-windows-x86_64, r-oldrel-macos-arm64, r-oldrel-macos-x86_64, r-oldrel-windows-ix86+x86_64
Version: 5.1.5
Check: installed package size
Result: NOTE
installed size is 7.1Mb
sub-directories of 1Mb or more:
include 2.1Mb
lib 4.6Mb
Flavor: r-oldrel-windows-ix86+x86_64