Last updated on 2022-05-15 01:52:28 CEST.
Flavor | Version | Tinstall | Tcheck | Ttotal | Status | Flags |
---|---|---|---|---|---|---|
r-devel-linux-x86_64-debian-clang | 0.1.1 | 61.17 | 47.69 | 108.86 | NOTE | |
r-devel-linux-x86_64-debian-gcc | 0.1.1 | 44.95 | 36.54 | 81.49 | NOTE | |
r-devel-linux-x86_64-fedora-clang | 0.1.1 | 140.04 | NOTE | |||
r-devel-linux-x86_64-fedora-gcc | 0.1.1 | 133.85 | NOTE | |||
r-devel-windows-x86_64 | 0.1.1 | 52.00 | 91.00 | 143.00 | NOTE | |
r-patched-linux-x86_64 | 0.1.1 | 47.53 | 45.02 | 92.55 | NOTE | |
r-release-linux-x86_64 | 0.1.1 | 51.45 | 45.00 | 96.45 | NOTE | |
r-release-macos-arm64 | 0.1.1 | 39.00 | NOTE | |||
r-release-macos-x86_64 | 0.1.1 | 54.00 | NOTE | |||
r-release-windows-x86_64 | 0.1.1 | 54.00 | 191.00 | 245.00 | NOTE | |
r-oldrel-macos-arm64 | 0.1.1 | 43.00 | NOTE | |||
r-oldrel-macos-x86_64 | 0.1.1 | 69.00 | NOTE | |||
r-oldrel-windows-ix86+x86_64 | 0.1.1 | 130.00 | 97.00 | 227.00 | NOTE |
Version: 0.1.1
Check: LazyData
Result: NOTE
'LazyData' is specified without a 'data' directory
Flavors: r-devel-linux-x86_64-debian-clang, r-devel-linux-x86_64-debian-gcc, r-devel-linux-x86_64-fedora-clang, r-devel-linux-x86_64-fedora-gcc, r-devel-windows-x86_64, r-patched-linux-x86_64, r-release-linux-x86_64, r-release-macos-arm64, r-release-macos-x86_64, r-release-windows-x86_64, r-oldrel-macos-arm64, r-oldrel-macos-x86_64, r-oldrel-windows-ix86+x86_64
Version: 0.1.1
Check: installed package size
Result: NOTE
installed size is 5.2Mb
sub-directories of 1Mb or more:
libs 4.7Mb
Flavor: r-oldrel-macos-arm64