Last updated on 2022-05-15 01:52:28 CEST.
Flavor | Version | Tinstall | Tcheck | Ttotal | Status | Flags |
---|---|---|---|---|---|---|
r-devel-linux-x86_64-debian-clang | 0.12-4 | 47.25 | 248.02 | 295.27 | OK | |
r-devel-linux-x86_64-debian-gcc | 0.12-4 | 37.40 | 183.61 | 221.01 | OK | |
r-devel-linux-x86_64-fedora-clang | 0.12-4 | 361.25 | NOTE | |||
r-devel-linux-x86_64-fedora-gcc | 0.12-4 | 344.35 | OK | |||
r-devel-windows-x86_64 | 0.12-4 | 78.00 | 235.00 | 313.00 | OK | |
r-patched-linux-x86_64 | 0.12-4 | 52.32 | 232.68 | 285.00 | OK | |
r-release-linux-x86_64 | 0.12-4 | 45.43 | 230.87 | 276.30 | OK | |
r-release-macos-arm64 | 0.12-4 | 125.00 | OK | |||
r-release-macos-x86_64 | 0.12-4 | 226.00 | OK | |||
r-release-windows-x86_64 | 0.12-4 | 110.00 | 220.00 | 330.00 | OK | |
r-oldrel-macos-arm64 | 0.12-4 | 99.00 | OK | |||
r-oldrel-macos-x86_64 | 0.12-4 | 161.00 | OK | |||
r-oldrel-windows-ix86+x86_64 | 0.12-4 | 68.00 | 200.00 | 268.00 | OK |
Version: 0.12-4
Check: Rd cross-references
Result: NOTE
Undeclared packages ‘BsMD’, ‘rsm’, ‘AlgDesign’, ‘lhs’ in Rd xrefs
Flavor: r-devel-linux-x86_64-fedora-clang