CRAN Package Check Results for Package Rcereal

Last updated on 2022-05-15 01:52:28 CEST.

Flavor Version Tinstall Tcheck Ttotal Status Flags
r-devel-linux-x86_64-debian-clang 1.2.1.1 1.87 32.65 34.52 NOTE
r-devel-linux-x86_64-debian-gcc 1.2.1.1 1.82 25.73 27.55 NOTE
r-devel-linux-x86_64-fedora-clang 1.2.1.1 45.30 NOTE
r-devel-linux-x86_64-fedora-gcc 1.2.1.1 44.78 NOTE
r-devel-windows-x86_64 1.2.1.1 96.00 55.00 151.00 NOTE
r-patched-linux-x86_64 1.2.1.1 2.11 32.36 34.47 NOTE
r-release-linux-x86_64 1.2.1.1 1.93 32.58 34.51 NOTE
r-release-macos-arm64 1.2.1.1 17.00 NOTE
r-release-macos-x86_64 1.2.1.1 23.00 NOTE
r-release-windows-x86_64 1.2.1.1 65.00 165.00 230.00 NOTE
r-oldrel-macos-arm64 1.2.1.1 20.00 NOTE
r-oldrel-macos-x86_64 1.2.1.1 28.00 NOTE
r-oldrel-windows-ix86+x86_64 1.2.1.1 6.00 46.00 52.00 NOTE

Check Details

Version: 1.2.1.1
Check: LazyData
Result: NOTE
     'LazyData' is specified without a 'data' directory
Flavors: r-devel-linux-x86_64-debian-clang, r-devel-linux-x86_64-debian-gcc, r-devel-linux-x86_64-fedora-clang, r-devel-linux-x86_64-fedora-gcc, r-devel-windows-x86_64, r-patched-linux-x86_64, r-release-linux-x86_64, r-release-macos-arm64, r-release-macos-x86_64, r-release-windows-x86_64, r-oldrel-macos-arm64, r-oldrel-macos-x86_64, r-oldrel-windows-ix86+x86_64