Last updated on 2022-05-15 01:52:28 CEST.
Flavor | Version | Tinstall | Tcheck | Ttotal | Status | Flags |
---|---|---|---|---|---|---|
r-devel-linux-x86_64-debian-clang | 1.0.0 | 264.69 | 210.22 | 474.91 | OK | |
r-devel-linux-x86_64-debian-gcc | 1.0.0 | 216.46 | 160.25 | 376.71 | OK | |
r-devel-linux-x86_64-fedora-clang | 1.0.0 | 717.69 | NOTE | |||
r-devel-linux-x86_64-fedora-gcc | 1.0.0 | 667.42 | OK | |||
r-devel-windows-x86_64 | 1.0.0 | 258.00 | 264.00 | 522.00 | NOTE | |
r-patched-linux-x86_64 | 1.0.0 | 201.10 | 204.71 | 405.81 | OK | |
r-release-linux-x86_64 | 1.0.0 | 196.04 | 205.47 | 401.51 | OK | |
r-release-macos-arm64 | 1.0.0 | 178.00 | NOTE | |||
r-release-macos-x86_64 | 1.0.0 | 437.00 | NOTE | |||
r-release-windows-x86_64 | 1.0.0 | 245.00 | 250.00 | 495.00 | NOTE | |
r-oldrel-macos-arm64 | 1.0.0 | 200.00 | NOTE | |||
r-oldrel-macos-x86_64 | 1.0.0 | 213.00 | NOTE | |||
r-oldrel-windows-ix86+x86_64 | 1.0.0 | 620.00 | 334.00 | 954.00 | NOTE |
Version: 1.0.0
Check: installed package size
Result: NOTE
installed size is 12.8Mb
sub-directories of 1Mb or more:
data 3.9Mb
libs 8.4Mb
Flavors: r-devel-linux-x86_64-fedora-clang, r-devel-windows-x86_64, r-release-macos-arm64, r-release-macos-x86_64, r-release-windows-x86_64, r-oldrel-macos-arm64, r-oldrel-macos-x86_64, r-oldrel-windows-ix86+x86_64