Last updated on 2022-05-15 01:52:29 CEST.
Flavor | Version | Tinstall | Tcheck | Ttotal | Status | Flags |
---|---|---|---|---|---|---|
r-devel-linux-x86_64-debian-clang | 1.3.0.1 | 287.62 | 292.32 | 579.94 | WARN | |
r-devel-linux-x86_64-debian-gcc | 1.3.0.1 | 237.32 | 214.75 | 452.07 | OK | |
r-devel-linux-x86_64-fedora-clang | 1.3.0.1 | 1067.04 | WARN | |||
r-devel-linux-x86_64-fedora-gcc | 1.3.0.1 | 752.91 | OK | |||
r-devel-windows-x86_64 | 1.3.0.1 | 651.00 | 297.00 | 948.00 | OK | |
r-patched-linux-x86_64 | 1.3.0.1 | 259.49 | 277.78 | 537.27 | OK | |
r-release-linux-x86_64 | 1.3.0.1 | 247.41 | 272.34 | 519.75 | OK | |
r-release-macos-arm64 | 1.3.0.1 | 210.00 | NOTE | |||
r-release-macos-x86_64 | 1.3.0.1 | 263.00 | NOTE | |||
r-release-windows-x86_64 | 1.3.0.1 | 705.00 | 312.00 | 1017.00 | OK | |
r-oldrel-macos-arm64 | 1.3.0.1 | 211.00 | NOTE | |||
r-oldrel-macos-x86_64 | 1.3.0.1 | 259.00 | NOTE | |||
r-oldrel-windows-ix86+x86_64 | 1.3.0.1 | 771.00 | 442.00 | 1213.00 | NOTE |
Version: 1.3.0.1
Check: whether package can be installed
Result: WARN
Found the following significant warnings:
model/ml/MLSimulation.cpp:1073:9: warning: use of bitwise '&' with boolean operands [-Wbitwise-instead-of-logical]
model/ml/MLSimulation.cpp:1588:9: warning: use of bitwise '&' with boolean operands [-Wbitwise-instead-of-logical]
model/variables/DependentVariable.cpp:1780:13: warning: use of bitwise '|' with boolean operands [-Wbitwise-instead-of-logical]
model/effects/EffectFactory.cpp:1414:11: warning: use of bitwise '|' with boolean operands [-Wbitwise-instead-of-logical]
model/effects/DiffusionRateEffect.cpp:57:6: warning: use of bitwise '|' with boolean operands [-Wbitwise-instead-of-logical]
model/effects/DiffusionRateEffect.cpp:126:13: warning: use of bitwise '|' with boolean operands [-Wbitwise-instead-of-logical]
model/StatisticCalculator.cpp:1665:13: warning: use of bitwise '|' with boolean operands [-Wbitwise-instead-of-logical]
model/effects/SettingSizeEffect.cpp:48:7: warning: use of bitwise '&' with boolean operands [-Wbitwise-instead-of-logical]
Flavors: r-devel-linux-x86_64-debian-clang, r-devel-linux-x86_64-fedora-clang
Version: 1.3.0.1
Check: installed package size
Result: NOTE
installed size is 14.3Mb
sub-directories of 1Mb or more:
R 1.0Mb
libs 12.4Mb
Flavors: r-devel-linux-x86_64-fedora-clang, r-release-macos-arm64, r-release-macos-x86_64, r-oldrel-macos-arm64, r-oldrel-macos-x86_64, r-oldrel-windows-ix86+x86_64