Last updated on 2022-05-15 01:52:29 CEST.
Flavor | Version | Tinstall | Tcheck | Ttotal | Status | Flags |
---|---|---|---|---|---|---|
r-devel-linux-x86_64-debian-clang | 1.9.3 | 7.30 | 45.76 | 53.06 | WARN | |
r-devel-linux-x86_64-debian-gcc | 1.9.3 | 6.89 | 34.14 | 41.03 | WARN | |
r-devel-linux-x86_64-fedora-clang | 1.9.3 | 68.62 | WARN | |||
r-devel-linux-x86_64-fedora-gcc | 1.9.3 | 67.03 | WARN | |||
r-devel-windows-x86_64 | 1.9.3 | 26.00 | 61.00 | 87.00 | WARN | |
r-patched-linux-x86_64 | 1.9.3 | 8.17 | 43.14 | 51.31 | OK | |
r-release-linux-x86_64 | 1.9.3 | 7.72 | 43.11 | 50.83 | OK | |
r-release-macos-arm64 | 1.9.3 | 21.00 | OK | |||
r-release-macos-x86_64 | 1.9.3 | 30.00 | OK | |||
r-release-windows-x86_64 | 1.9.3 | 27.00 | 63.00 | 90.00 | OK | |
r-oldrel-macos-arm64 | 1.9.3 | 26.00 | OK | |||
r-oldrel-macos-x86_64 | 1.9.3 | 28.00 | OK | |||
r-oldrel-windows-ix86+x86_64 | 1.9.3 | 21.00 | 65.00 | 86.00 | OK |
Version: 1.9.3
Check: Rd files
Result: WARN
checkRd: (7) combine.Rd:31: invalid email address: andy\_liaw@merck.com
checkRd: (7) getTree.Rd:55: invalid email address: andy\_liaw@merck.com
checkRd: (7) grow.Rd:37: invalid email address: andy\_liaw@merck.com
checkRd: (7) partialPlot.Rd:79: invalid email address: andy\_liaw@merck.com
checkRd: (7) predict.RRF.Rd:82: invalid email address: andy\_liaw@merck.com
checkRd: (7) predict.RRF.Rd:83: invalid email address: matthew\_wiener@merck.com
checkRd: (7) treesize.Rd:34: invalid email address: andy\_liaw@merck.com
checkRd: (7) varImpPlot.Rd:37: invalid email address: andy\_liaw@merck.com
Flavors: r-devel-linux-x86_64-debian-clang, r-devel-linux-x86_64-debian-gcc, r-devel-linux-x86_64-fedora-clang, r-devel-linux-x86_64-fedora-gcc, r-devel-windows-x86_64