Last updated on 2022-05-15 01:52:29 CEST.
Flavor | Version | Tinstall | Tcheck | Ttotal | Status | Flags |
---|---|---|---|---|---|---|
r-devel-linux-x86_64-debian-clang | 0.10.23 | 8.80 | 47.39 | 56.19 | OK | |
r-devel-linux-x86_64-debian-gcc | 0.10.23 | 6.78 | 36.06 | 42.84 | OK | |
r-devel-linux-x86_64-fedora-clang | 0.10.23 | 67.59 | OK | |||
r-devel-linux-x86_64-fedora-gcc | 0.10.23 | 68.25 | OK | |||
r-devel-windows-x86_64 | 0.10.23 | 80.00 | 142.00 | 222.00 | OK | |
r-patched-linux-x86_64 | 0.10.23 | 7.76 | 44.42 | 52.18 | OK | |
r-release-linux-x86_64 | 0.10.23 | 6.84 | 43.98 | 50.82 | OK | |
r-release-macos-arm64 | 0.10.23 | 25.00 | OK | |||
r-release-macos-x86_64 | 0.10.23 | 36.00 | OK | |||
r-release-windows-x86_64 | 0.10.23 | 87.00 | 145.00 | 232.00 | OK | |
r-oldrel-macos-arm64 | 0.10.23 | 30.00 | OK | |||
r-oldrel-macos-x86_64 | 0.10.23 | 35.00 | OK | |||
r-oldrel-windows-ix86+x86_64 | 0.10.23 | 30.00 | 173.00 | 203.00 | NOTE |
Version: 0.10.23
Check: installed package size
Result: NOTE
installed size is 6.8Mb
sub-directories of 1Mb or more:
libs 6.4Mb
Flavor: r-oldrel-windows-ix86+x86_64