Last updated on 2022-05-15 01:52:29 CEST.
Flavor | Version | Tinstall | Tcheck | Ttotal | Status | Flags |
---|---|---|---|---|---|---|
r-devel-linux-x86_64-debian-clang | 1.2.1 | 109.35 | 65.84 | 175.19 | OK | |
r-devel-linux-x86_64-debian-gcc | 1.2.1 | 93.87 | 49.22 | 143.09 | OK | |
r-devel-linux-x86_64-fedora-clang | 1.2.1 | 273.48 | OK | |||
r-devel-linux-x86_64-fedora-gcc | 1.2.1 | 237.91 | OK | |||
r-devel-windows-x86_64 | 1.2.1 | 342.00 | 197.00 | 539.00 | OK | |
r-patched-linux-x86_64 | 1.2.1 | 102.96 | 62.53 | 165.49 | OK | |
r-release-linux-x86_64 | 1.2.1 | 95.31 | 62.17 | 157.48 | OK | |
r-release-macos-arm64 | 1.2.1 | 65.00 | NOTE | |||
r-release-macos-x86_64 | 1.2.1 | 81.00 | NOTE | |||
r-release-windows-x86_64 | 1.2.1 | 391.00 | 199.00 | 590.00 | OK | |
r-oldrel-macos-arm64 | 1.2.1 | 58.00 | NOTE | |||
r-oldrel-macos-x86_64 | 1.2.1 | 78.00 | NOTE | |||
r-oldrel-windows-ix86+x86_64 | 1.2.1 | 542.00 | 221.00 | 763.00 | NOTE |
Version: 1.2.1
Check: installed package size
Result: NOTE
installed size is 6.1Mb
sub-directories of 1Mb or more:
libs 5.7Mb
Flavors: r-release-macos-arm64, r-release-macos-x86_64, r-oldrel-macos-arm64, r-oldrel-macos-x86_64, r-oldrel-windows-ix86+x86_64