Last updated on 2022-05-15 01:52:28 CEST.
Flavor | Version | Tinstall | Tcheck | Ttotal | Status | Flags |
---|---|---|---|---|---|---|
r-devel-linux-x86_64-debian-clang | 1.0.3 | 6.85 | 80.19 | 87.04 | NOTE | |
r-devel-linux-x86_64-debian-gcc | 1.0.3 | 3.53 | 60.67 | 64.20 | NOTE | |
r-devel-linux-x86_64-fedora-clang | 1.0.3 | 102.46 | NOTE | |||
r-devel-linux-x86_64-fedora-gcc | 1.0.3 | 108.72 | NOTE | |||
r-devel-windows-x86_64 | 1.0.3 | 11.00 | 97.00 | 108.00 | NOTE | |
r-patched-linux-x86_64 | 1.0.3 | 4.71 | 77.68 | 82.39 | NOTE | |
r-release-linux-x86_64 | 1.0.3 | 5.09 | 76.68 | 81.77 | NOTE | |
r-release-macos-arm64 | 1.0.3 | 29.00 | NOTE | |||
r-release-macos-x86_64 | 1.0.3 | 43.00 | NOTE | |||
r-release-windows-x86_64 | 1.0.3 | 12.00 | 93.00 | 105.00 | NOTE | |
r-oldrel-macos-arm64 | 1.0.3 | 34.00 | NOTE | |||
r-oldrel-macos-x86_64 | 1.0.3 | 53.00 | NOTE | |||
r-oldrel-windows-ix86+x86_64 | 1.0.3 | 15.00 | 83.00 | 98.00 | NOTE |
Version: 1.0.3
Check: LazyData
Result: NOTE
'LazyData' is specified without a 'data' directory
Flavors: r-devel-linux-x86_64-debian-clang, r-devel-linux-x86_64-debian-gcc, r-devel-linux-x86_64-fedora-clang, r-devel-linux-x86_64-fedora-gcc, r-devel-windows-x86_64, r-patched-linux-x86_64, r-release-linux-x86_64, r-release-macos-arm64, r-release-macos-x86_64, r-release-windows-x86_64, r-oldrel-macos-arm64, r-oldrel-macos-x86_64, r-oldrel-windows-ix86+x86_64
Version: 1.0.3
Check: dependencies in R code
Result: NOTE
Namespace in Imports field not imported from: ‘Rdpack’
All declared Imports should be used.
Flavors: r-devel-linux-x86_64-fedora-clang, r-devel-linux-x86_64-fedora-gcc, r-release-macos-arm64, r-release-macos-x86_64, r-oldrel-macos-arm64, r-oldrel-macos-x86_64