Last updated on 2022-05-15 01:52:27 CEST.
Flavor | Version | Tinstall | Tcheck | Ttotal | Status | Flags |
---|---|---|---|---|---|---|
r-devel-linux-x86_64-debian-clang | 0.8-7 | 64.20 | 223.36 | 287.56 | OK | |
r-devel-linux-x86_64-debian-gcc | 0.8-7 | 42.22 | 163.04 | 205.26 | OK | |
r-devel-linux-x86_64-fedora-clang | 0.8-7 | 240.45 | NOTE | |||
r-devel-linux-x86_64-fedora-gcc | 0.8-7 | 335.57 | OK | |||
r-devel-windows-x86_64 | 0.8-7 | 95.00 | 225.00 | 320.00 | OK | |
r-patched-linux-x86_64 | 0.8-7 | 60.51 | 209.77 | 270.28 | OK | |
r-release-linux-x86_64 | 0.8-7 | 44.49 | 210.92 | 255.41 | OK | |
r-release-macos-arm64 | 0.8-7 | 78.00 | OK | |||
r-release-macos-x86_64 | 0.8-7 | 168.00 | OK | |||
r-release-windows-x86_64 | 0.8-7 | 107.00 | 250.00 | 357.00 | OK | |
r-oldrel-macos-arm64 | 0.8-7 | 85.00 | OK | |||
r-oldrel-macos-x86_64 | 0.8-7 | 132.00 | OK | |||
r-oldrel-windows-ix86+x86_64 | 0.8-7 | 107.00 | 225.00 | 332.00 | OK |
Version: 0.8-7
Check: Rd cross-references
Result: NOTE
Undeclared package ‘generics’ in Rd xrefs
Flavor: r-devel-linux-x86_64-fedora-clang