Last updated on 2022-05-15 01:52:27 CEST.
Flavor | Version | Tinstall | Tcheck | Ttotal | Status | Flags |
---|---|---|---|---|---|---|
r-devel-linux-x86_64-debian-clang | 2.3.2 | 8.44 | 56.28 | 64.72 | NOTE | |
r-devel-linux-x86_64-debian-gcc | 2.3.2 | 5.53 | 42.74 | 48.27 | NOTE | |
r-devel-linux-x86_64-fedora-clang | 2.3.2 | 75.84 | NOTE | |||
r-devel-linux-x86_64-fedora-gcc | 2.3.2 | 74.08 | NOTE | |||
r-devel-windows-x86_64 | 2.3.2 | 56.00 | 69.00 | 125.00 | OK | |
r-patched-linux-x86_64 | 2.3.2 | 6.86 | 53.92 | 60.78 | NOTE | |
r-release-linux-x86_64 | 2.3.2 | 5.62 | 53.09 | 58.71 | NOTE | |
r-release-macos-arm64 | 2.3.2 | 22.00 | OK | |||
r-release-macos-x86_64 | 2.3.2 | 31.00 | OK | |||
r-release-windows-x86_64 | 2.3.2 | 75.00 | 70.00 | 145.00 | OK | |
r-oldrel-macos-arm64 | 2.3.2 | 29.00 | OK | |||
r-oldrel-macos-x86_64 | 2.3.2 | 43.00 | OK | |||
r-oldrel-windows-ix86+x86_64 | 2.3.2 | 14.00 | 64.00 | 78.00 | OK |
Version: 2.3.2
Check: for non-standard things in the check directory
Result: NOTE
Found the following files/directories:
'output.html'
Flavors: r-devel-linux-x86_64-debian-clang, r-devel-linux-x86_64-debian-gcc, r-devel-linux-x86_64-fedora-clang, r-devel-linux-x86_64-fedora-gcc, r-patched-linux-x86_64, r-release-linux-x86_64