Last updated on 2022-05-15 01:52:27 CEST.
Flavor | Version | Tinstall | Tcheck | Ttotal | Status | Flags |
---|---|---|---|---|---|---|
r-devel-linux-x86_64-debian-clang | 2.11.0 | 16.76 | 189.29 | 206.05 | NOTE | |
r-devel-linux-x86_64-debian-gcc | 2.11.0 | 15.76 | 144.02 | 159.78 | NOTE | |
r-devel-linux-x86_64-fedora-clang | 2.11.0 | 254.15 | OK | |||
r-devel-linux-x86_64-fedora-gcc | 2.11.0 | 233.77 | OK | |||
r-devel-windows-x86_64 | 2.11.0 | 253.00 | 935.00 | 1188.00 | OK | |
r-patched-linux-x86_64 | 2.11.0 | 29.10 | 227.54 | 256.64 | OK | |
r-release-linux-x86_64 | 2.11.0 | 17.01 | 174.40 | 191.41 | OK | |
r-release-macos-arm64 | 2.11.0 | 95.00 | OK | |||
r-release-macos-x86_64 | 2.11.0 | 124.00 | OK | |||
r-release-windows-x86_64 | 2.11.0 | 288.00 | 765.00 | 1053.00 | OK | |
r-oldrel-macos-arm64 | 2.11.0 | 87.00 | OK | |||
r-oldrel-macos-x86_64 | 2.11.0 | 130.00 | OK | |||
r-oldrel-windows-ix86+x86_64 | 2.11.0 | 33.00 | 788.00 | 821.00 | OK |
Version: 2.11.0
Check: HTML version of manual
Result: NOTE
Found the following problems:
R.utils-package.Rd:116:1: Warning: trimming empty <p>
Flavors: r-devel-linux-x86_64-debian-clang, r-devel-linux-x86_64-debian-gcc