CRAN Package Check Results for Package QAIG

Last updated on 2022-05-15 01:52:27 CEST.

Flavor Version Tinstall Tcheck Ttotal Status Flags
r-devel-linux-x86_64-debian-clang 0.1.7 2.41 36.45 38.86 NOTE
r-devel-linux-x86_64-debian-gcc 0.1.7 1.91 28.71 30.62 NOTE
r-devel-linux-x86_64-fedora-clang 0.1.7 48.28 NOTE
r-devel-linux-x86_64-fedora-gcc 0.1.7 45.58 NOTE
r-devel-windows-x86_64 0.1.7 12.00 55.00 67.00 NOTE
r-patched-linux-x86_64 0.1.7 2.41 35.48 37.89 NOTE
r-release-linux-x86_64 0.1.7 2.34 35.40 37.74 NOTE
r-release-macos-arm64 0.1.7 20.00 NOTE
r-release-macos-x86_64 0.1.7 23.00 NOTE
r-release-windows-x86_64 0.1.7 10.00 87.00 97.00 NOTE
r-oldrel-macos-arm64 0.1.7 23.00 NOTE
r-oldrel-macos-x86_64 0.1.7 25.00 NOTE
r-oldrel-windows-ix86+x86_64 0.1.7 6.00 47.00 53.00 NOTE

Check Details

Version: 0.1.7
Check: LazyData
Result: NOTE
     'LazyData' is specified without a 'data' directory
Flavors: r-devel-linux-x86_64-debian-clang, r-devel-linux-x86_64-debian-gcc, r-devel-linux-x86_64-fedora-clang, r-devel-linux-x86_64-fedora-gcc, r-devel-windows-x86_64, r-patched-linux-x86_64, r-release-linux-x86_64, r-release-macos-arm64, r-release-macos-x86_64, r-release-windows-x86_64, r-oldrel-macos-arm64, r-oldrel-macos-x86_64, r-oldrel-windows-ix86+x86_64