CRAN Package Check Results for Package Q7

Last updated on 2022-05-15 01:52:27 CEST.

Flavor Version Tinstall Tcheck Ttotal Status Flags
r-devel-linux-x86_64-debian-clang 0.1.0 2.02 36.84 38.86 NOTE
r-devel-linux-x86_64-debian-gcc 0.1.0 1.86 28.00 29.86 NOTE
r-devel-linux-x86_64-fedora-clang 0.1.0 47.99 NOTE
r-devel-linux-x86_64-fedora-gcc 0.1.0 45.01 NOTE
r-devel-windows-x86_64 0.1.0 17.00 57.00 74.00 NOTE
r-patched-linux-x86_64 0.1.0 2.58 34.83 37.41 NOTE
r-release-linux-x86_64 0.1.0 2.00 35.04 37.04 NOTE
r-release-macos-arm64 0.1.0 15.00 NOTE
r-release-macos-x86_64 0.1.0 23.00 NOTE
r-release-windows-x86_64 0.1.0 17.00 95.00 112.00 NOTE
r-oldrel-macos-arm64 0.1.0 19.00 NOTE
r-oldrel-macos-x86_64 0.1.0 33.00 NOTE
r-oldrel-windows-ix86+x86_64 0.1.0 6.00 47.00 53.00 NOTE

Check Details

Version: 0.1.0
Check: LazyData
Result: NOTE
     'LazyData' is specified without a 'data' directory
Flavors: r-devel-linux-x86_64-debian-clang, r-devel-linux-x86_64-debian-gcc, r-devel-linux-x86_64-fedora-clang, r-devel-linux-x86_64-fedora-gcc, r-devel-windows-x86_64, r-patched-linux-x86_64, r-release-linux-x86_64, r-release-macos-arm64, r-release-macos-x86_64, r-release-windows-x86_64, r-oldrel-macos-arm64, r-oldrel-macos-x86_64, r-oldrel-windows-ix86+x86_64