CRAN Package Check Results for Package PressPurt

Last updated on 2022-05-15 01:52:27 CEST.

Flavor Version Tinstall Tcheck Ttotal Status Flags
r-devel-linux-x86_64-debian-clang 1.0.2 11.58 111.91 123.49 NOTE
r-devel-linux-x86_64-debian-gcc 1.0.2 9.40 82.12 91.52 NOTE
r-devel-linux-x86_64-fedora-clang 1.0.2 143.08 NOTE
r-devel-linux-x86_64-fedora-gcc 1.0.2 153.58 NOTE
r-devel-windows-x86_64 1.0.2 37.00 129.00 166.00 NOTE
r-patched-linux-x86_64 1.0.2 12.44 104.75 117.19 NOTE
r-release-linux-x86_64 1.0.2 11.66 101.93 113.59 NOTE
r-release-macos-arm64 1.0.2 40.00 NOTE
r-release-macos-x86_64 1.0.2 81.00 NOTE
r-release-windows-x86_64 1.0.2 40.00 130.00 170.00 NOTE
r-oldrel-macos-arm64 1.0.2 50.00 NOTE
r-oldrel-macos-x86_64 1.0.2 71.00 NOTE
r-oldrel-windows-ix86+x86_64 1.0.2 26.00 115.00 141.00 NOTE

Check Details

Version: 1.0.2
Check: LazyData
Result: NOTE
     'LazyData' is specified without a 'data' directory
Flavors: r-devel-linux-x86_64-debian-clang, r-devel-linux-x86_64-debian-gcc, r-devel-linux-x86_64-fedora-clang, r-devel-linux-x86_64-fedora-gcc, r-devel-windows-x86_64, r-patched-linux-x86_64, r-release-linux-x86_64, r-release-macos-arm64, r-release-macos-x86_64, r-release-windows-x86_64, r-oldrel-macos-arm64, r-oldrel-macos-x86_64, r-oldrel-windows-ix86+x86_64