Last updated on 2022-05-15 01:52:26 CEST.
Flavor | Version | Tinstall | Tcheck | Ttotal | Status | Flags |
---|---|---|---|---|---|---|
r-devel-linux-x86_64-debian-clang | 1.5.0 | 55.99 | 225.81 | 281.80 | OK | |
r-devel-linux-x86_64-debian-gcc | 1.5.0 | 44.73 | 164.93 | 209.66 | OK | |
r-devel-linux-x86_64-fedora-clang | 1.5.0 | 365.53 | OK | |||
r-devel-linux-x86_64-fedora-gcc | 1.5.0 | 358.80 | OK | |||
r-devel-windows-x86_64 | 1.5.0 | 299.00 | 445.00 | 744.00 | OK | |
r-patched-linux-x86_64 | 1.5.0 | 61.10 | 217.23 | 278.33 | OK | |
r-release-linux-x86_64 | 1.5.0 | 48.44 | 210.63 | 259.07 | OK | |
r-release-macos-arm64 | 1.5.0 | 128.00 | NOTE | |||
r-release-macos-x86_64 | 1.5.0 | 201.00 | NOTE | |||
r-release-windows-x86_64 | 1.5.0 | 279.00 | 375.00 | 654.00 | OK | |
r-oldrel-macos-arm64 | 1.5.0 | 120.00 | NOTE | |||
r-oldrel-macos-x86_64 | 1.5.0 | 177.00 | NOTE | |||
r-oldrel-windows-ix86+x86_64 | 1.5.0 | 128.00 | 540.00 | 668.00 | OK |
Version: 1.5.0
Check: installed package size
Result: NOTE
installed size is 5.0Mb
sub-directories of 1Mb or more:
libs 3.5Mb
Flavors: r-release-macos-arm64, r-release-macos-x86_64, r-oldrel-macos-arm64, r-oldrel-macos-x86_64