CRAN Package Check Results for Package PhenotypeSimulator

Last updated on 2022-05-15 01:52:26 CEST.

Flavor Version Tinstall Tcheck Ttotal Status Flags
r-devel-linux-x86_64-debian-clang 0.3.4 36.31 280.54 316.85 OK
r-devel-linux-x86_64-debian-gcc 0.3.4 25.49 201.65 227.14 OK
r-devel-linux-x86_64-fedora-clang 0.3.4 381.14 NOTE
r-devel-linux-x86_64-fedora-gcc 0.3.4 357.67 OK
r-devel-windows-x86_64 0.3.4 189.00 361.00 550.00 NOTE
r-patched-linux-x86_64 0.3.4 31.40 255.15 286.55 OK
r-release-linux-x86_64 0.3.4 23.06 259.58 282.64 OK
r-release-macos-arm64 0.3.4 108.00 NOTE
r-release-macos-x86_64 0.3.4 158.00 NOTE
r-release-windows-x86_64 0.3.4 201.00 333.00 534.00 ERROR
r-oldrel-macos-arm64 0.3.4 142.00 NOTE
r-oldrel-macos-x86_64 0.3.4 125.00 NOTE
r-oldrel-windows-ix86+x86_64 0.3.4 86.00 444.00 530.00 NOTE

Check Details

Version: 0.3.4
Check: installed package size
Result: NOTE
     installed size is 5.5Mb
     sub-directories of 1Mb or more:
     doc 1.5Mb
     extdata 3.2Mb
Flavors: r-devel-linux-x86_64-fedora-clang, r-devel-windows-x86_64, r-release-macos-arm64, r-release-macos-x86_64, r-release-windows-x86_64, r-oldrel-macos-arm64, r-oldrel-macos-x86_64, r-oldrel-windows-ix86+x86_64

Version: 0.3.4
Check: re-building of vignette outputs
Result: ERROR
    Error(s) in re-building vignettes:
    --- re-building 'PhenotypeSimulator.Rmd' using rmarkdown
    --- finished re-building 'PhenotypeSimulator.Rmd'
    
    --- re-building 'Simulation-and-LinearModel.Rmd' using rmarkdown
    Could not fetch http://www.zotero.org/styles/plos
    HttpExceptionRequest Request {
     host = "www.zotero.org"
     port = 80
     secure = False
     requestHeaders = []
     path = "/styles/plos"
     queryString = ""
     method = "GET"
     proxy = Nothing
     rawBody = False
     redirectCount = 10
     responseTimeout = ResponseTimeoutDefault
     requestVersion = HTTP/1.1
    }
     (ConnectionFailure user error (Network.Socket.gai_strerror not supported: 11002))
    Error: processing vignette 'Simulation-and-LinearModel.Rmd' failed with diagnostics:
    pandoc document conversion failed with error 61
    --- failed re-building 'Simulation-and-LinearModel.Rmd'
    
    --- re-building 'SimulationBasedOnExampleData.Rmd' using rmarkdown
    Could not fetch http://www.zotero.org/styles/plos
    HttpExceptionRequest Request {
     host = "www.zotero.org"
     port = 80
     secure = False
     requestHeaders = []
     path = "/styles/plos"
     queryString = ""
     method = "GET"
     proxy = Nothing
     rawBody = False
     redirectCount = 10
     responseTimeout = ResponseTimeoutDefault
     requestVersion = HTTP/1.1
    }
     (ConnectionFailure user error (Network.Socket.gai_strerror not supported: 11002))
    Error: processing vignette 'SimulationBasedOnExampleData.Rmd' failed with diagnostics:
    pandoc document conversion failed with error 61
    --- failed re-building 'SimulationBasedOnExampleData.Rmd'
    
    --- re-building 'sample-scripts-external-genotype-simulation.Rmd' using rmarkdown
    Could not fetch http://www.zotero.org/styles/plos
    HttpExceptionRequest Request {
     host = "www.zotero.org"
     port = 80
     secure = False
     requestHeaders = []
     path = "/styles/plos"
     queryString = ""
     method = "GET"
     proxy = Nothing
     rawBody = False
     redirectCount = 10
     responseTimeout = ResponseTimeoutDefault
     requestVersion = HTTP/1.1
    }
     (ConnectionFailure user error (Network.Socket.gai_strerror not supported: 11002))
    Error: processing vignette 'sample-scripts-external-genotype-simulation.Rmd' failed with diagnostics:
    pandoc document conversion failed with error 61
    --- failed re-building 'sample-scripts-external-genotype-simulation.Rmd'
    
    SUMMARY: processing the following files failed:
     'Simulation-and-LinearModel.Rmd' 'SimulationBasedOnExampleData.Rmd'
     'sample-scripts-external-genotype-simulation.Rmd'
    
    Error: Vignette re-building failed.
    Execution halted
Flavor: r-release-windows-x86_64