Last updated on 2022-05-15 01:52:26 CEST.
Flavor | Version | Tinstall | Tcheck | Ttotal | Status | Flags |
---|---|---|---|---|---|---|
r-devel-linux-x86_64-debian-clang | 1.14 | 8.63 | 93.84 | 102.47 | NOTE | |
r-devel-linux-x86_64-debian-gcc | 1.14 | 6.71 | 67.37 | 74.08 | NOTE | |
r-devel-linux-x86_64-fedora-clang | 1.14 | 124.48 | NOTE | |||
r-devel-linux-x86_64-fedora-gcc | 1.14 | 112.99 | NOTE | |||
r-devel-windows-x86_64 | 1.14 | 176.00 | 111.00 | 287.00 | NOTE | |
r-patched-linux-x86_64 | 1.14 | 11.01 | 86.63 | 97.64 | NOTE | |
r-release-linux-x86_64 | 1.14 | 8.50 | 85.54 | 94.04 | NOTE | |
r-release-macos-arm64 | 1.14 | 33.00 | NOTE | |||
r-release-macos-x86_64 | 1.14 | 44.00 | NOTE | |||
r-release-windows-x86_64 | 1.14 | 170.00 | 119.00 | 289.00 | NOTE | |
r-oldrel-macos-arm64 | 1.14 | 38.00 | NOTE | |||
r-oldrel-macos-x86_64 | 1.14 | 62.00 | NOTE | |||
r-oldrel-windows-ix86+x86_64 | 1.14 | 17.00 | 141.00 | 158.00 | NOTE |
Version: 1.14
Check: LazyData
Result: NOTE
'LazyData' is specified without a 'data' directory
Flavors: r-devel-linux-x86_64-debian-clang, r-devel-linux-x86_64-debian-gcc, r-devel-linux-x86_64-fedora-clang, r-devel-linux-x86_64-fedora-gcc, r-devel-windows-x86_64, r-patched-linux-x86_64, r-release-linux-x86_64, r-release-macos-arm64, r-release-macos-x86_64, r-release-windows-x86_64, r-oldrel-macos-arm64, r-oldrel-macos-x86_64, r-oldrel-windows-ix86+x86_64