Last updated on 2022-05-15 01:52:27 CEST.
Flavor | Version | Tinstall | Tcheck | Ttotal | Status | Flags |
---|---|---|---|---|---|---|
r-devel-linux-x86_64-fedora-gcc | 0.1.1 | 434.99 | OK | |||
r-devel-windows-x86_64 | 0.1.1 | 28.00 | 300.00 | 328.00 | OK | |
r-patched-linux-x86_64 | 0.1.1 | 9.24 | 303.52 | 312.76 | OK | |
r-release-macos-arm64 | 0.1.1 | 117.00 | OK | |||
r-oldrel-macos-arm64 | 0.1.1 | 122.00 | OK | |||
r-oldrel-macos-x86_64 | 0.1.0 | 155.00 | NOTE |
Version: 0.1.0
Check: dependencies in R code
Result: NOTE
Namespace in Imports field not imported from: ‘ggplot2’
All declared Imports should be used.
Flavor: r-oldrel-macos-x86_64