Last updated on 2022-05-15 01:52:27 CEST.
Flavor | Version | Tinstall | Tcheck | Ttotal | Status | Flags |
---|---|---|---|---|---|---|
r-devel-linux-x86_64-debian-clang | 1.0.0 | 114.78 | 44.29 | 159.07 | OK | |
r-devel-linux-x86_64-debian-gcc | 1.0.0 | 93.30 | 33.54 | 126.84 | OK | |
r-devel-linux-x86_64-fedora-clang | 1.0.0 | 236.68 | OK | |||
r-devel-linux-x86_64-fedora-gcc | 1.0.0 | 208.98 | OK | |||
r-devel-windows-x86_64 | 1.0.0 | 88.00 | 82.00 | 170.00 | OK | |
r-patched-linux-x86_64 | 1.0.0 | 98.12 | 41.77 | 139.89 | OK | |
r-release-linux-x86_64 | 1.0.0 | 95.39 | 42.67 | 138.06 | OK | |
r-release-macos-arm64 | 1.0.0 | 57.00 | NOTE | |||
r-release-macos-x86_64 | 1.0.0 | 69.00 | NOTE | |||
r-release-windows-x86_64 | 1.0.0 | 89.00 | 142.00 | 231.00 | OK | |
r-oldrel-macos-arm64 | 1.0.0 | 43.00 | NOTE | |||
r-oldrel-macos-x86_64 | 1.0.0 | 69.00 | NOTE | |||
r-oldrel-windows-ix86+x86_64 | 1.0.0 | 276.00 | 87.00 | 363.00 | OK |
Version: 1.0.0
Check: installed package size
Result: NOTE
installed size is 5.3Mb
sub-directories of 1Mb or more:
libs 5.2Mb
Flavors: r-release-macos-arm64, r-release-macos-x86_64, r-oldrel-macos-arm64, r-oldrel-macos-x86_64