Last updated on 2022-05-15 01:52:26 CEST.
Flavor | Version | Tinstall | Tcheck | Ttotal | Status | Flags |
---|---|---|---|---|---|---|
r-devel-linux-x86_64-debian-clang | 2.1.1 | 184.05 | 170.50 | 354.55 | OK | |
r-devel-linux-x86_64-debian-gcc | 2.1.1 | 132.02 | 123.36 | 255.38 | OK | |
r-devel-linux-x86_64-fedora-clang | 2.1.1 | 502.43 | NOTE | |||
r-devel-linux-x86_64-fedora-gcc | 2.1.1 | 435.64 | NOTE | |||
r-devel-windows-x86_64 | 2.1.1 | 155.00 | 216.00 | 371.00 | OK | |
r-patched-linux-x86_64 | 2.1.1 | 138.17 | 155.91 | 294.08 | OK | |
r-release-linux-x86_64 | 2.1.1 | 144.76 | 158.78 | 303.54 | OK | |
r-release-macos-arm64 | 2.1.1 | 104.00 | NOTE | |||
r-release-macos-x86_64 | 2.1.1 | 176.00 | NOTE | |||
r-release-windows-x86_64 | 2.1.1 | 150.00 | 300.00 | 450.00 | OK | |
r-oldrel-macos-arm64 | 2.1.1 | 113.00 | NOTE | |||
r-oldrel-macos-x86_64 | 2.1.1 | 142.00 | NOTE | |||
r-oldrel-windows-ix86+x86_64 | 2.1.1 | 315.00 | 12.00 | 327.00 | ERROR |
Version: 2.1.1
Check: dependencies in R code
Result: NOTE
Namespaces in Imports field not imported from:
‘PlackettLuce’ ‘StatRank’ ‘pmr’ ‘prefmod’ ‘rankdist’
All declared Imports should be used.
Flavors: r-devel-linux-x86_64-fedora-clang, r-devel-linux-x86_64-fedora-gcc, r-release-macos-arm64, r-release-macos-x86_64, r-oldrel-macos-arm64, r-oldrel-macos-x86_64
Version: 2.1.1
Check: whether package can be installed
Result: ERROR
Installation failed.
Flavor: r-oldrel-windows-ix86+x86_64