CRAN Package Check Results for Package PGM2

Last updated on 2022-05-15 01:52:26 CEST.

Flavor Version Tinstall Tcheck Ttotal Status Flags
r-devel-linux-x86_64-debian-clang 1.0-1 2.22 30.35 32.57 NOTE
r-devel-linux-x86_64-debian-gcc 1.0-1 1.64 24.20 25.84 NOTE
r-devel-linux-x86_64-fedora-clang 1.0-1 41.48 NOTE
r-devel-linux-x86_64-fedora-gcc 1.0-1 41.09 NOTE
r-devel-windows-x86_64 1.0-1 8.00 46.00 54.00 NOTE
r-patched-linux-x86_64 1.0-1 1.97 29.35 31.32 NOTE
r-release-linux-x86_64 1.0-1 1.85 29.60 31.45 NOTE
r-release-macos-arm64 1.0-1 15.00 NOTE
r-release-macos-x86_64 1.0-1 19.00 NOTE
r-release-windows-x86_64 1.0-1 5.00 44.00 49.00 NOTE
r-oldrel-macos-arm64 1.0-1 16.00 NOTE
r-oldrel-macos-x86_64 1.0-1 25.00 NOTE
r-oldrel-windows-ix86+x86_64 1.0-1 5.00 36.00 41.00 NOTE

Check Details

Version: 1.0-1
Check: LazyData
Result: NOTE
     'LazyData' is specified without a 'data' directory
Flavors: r-devel-linux-x86_64-debian-clang, r-devel-linux-x86_64-debian-gcc, r-devel-linux-x86_64-fedora-clang, r-devel-linux-x86_64-fedora-gcc, r-devel-windows-x86_64, r-patched-linux-x86_64, r-release-linux-x86_64, r-release-macos-arm64, r-release-macos-x86_64, r-release-windows-x86_64, r-oldrel-macos-arm64, r-oldrel-macos-x86_64, r-oldrel-windows-ix86+x86_64