Last updated on 2022-05-15 01:52:26 CEST.
Flavor | Version | Tinstall | Tcheck | Ttotal | Status | Flags |
---|---|---|---|---|---|---|
r-devel-linux-x86_64-debian-clang | 0.8.0 | 5.89 | 73.54 | 79.43 | NOTE | |
r-devel-linux-x86_64-debian-gcc | 0.8.0 | 3.88 | 56.08 | 59.96 | NOTE | |
r-devel-linux-x86_64-fedora-clang | 0.8.0 | 96.22 | NOTE | |||
r-devel-linux-x86_64-fedora-gcc | 0.8.0 | 97.85 | NOTE | |||
r-devel-windows-x86_64 | 0.8.0 | 12.00 | 86.00 | 98.00 | NOTE | |
r-patched-linux-x86_64 | 0.8.0 | 5.79 | 68.19 | 73.98 | NOTE | |
r-release-linux-x86_64 | 0.8.0 | 6.33 | 68.33 | 74.66 | NOTE | |
r-release-macos-arm64 | 0.8.0 | 27.00 | NOTE | |||
r-release-macos-x86_64 | 0.8.0 | 48.00 | NOTE | |||
r-release-windows-x86_64 | 0.8.0 | 16.00 | 87.00 | 103.00 | NOTE | |
r-oldrel-macos-arm64 | 0.8.0 | 30.00 | NOTE | |||
r-oldrel-macos-x86_64 | 0.8.0 | 44.00 | NOTE | |||
r-oldrel-windows-ix86+x86_64 | 0.8.0 | 17.00 | 81.00 | 98.00 | NOTE |
Version: 0.8.0
Check: LazyData
Result: NOTE
'LazyData' is specified without a 'data' directory
Flavors: r-devel-linux-x86_64-debian-clang, r-devel-linux-x86_64-debian-gcc, r-devel-linux-x86_64-fedora-clang, r-devel-linux-x86_64-fedora-gcc, r-devel-windows-x86_64, r-patched-linux-x86_64, r-release-linux-x86_64, r-release-macos-arm64, r-release-macos-x86_64, r-release-windows-x86_64, r-oldrel-macos-arm64, r-oldrel-macos-x86_64, r-oldrel-windows-ix86+x86_64
Version: 0.8.0
Check: dependencies in R code
Result: NOTE
Namespaces in Imports field not imported from:
‘Matrix’ ‘pander’
All declared Imports should be used.
Flavors: r-devel-linux-x86_64-fedora-clang, r-devel-linux-x86_64-fedora-gcc, r-release-macos-arm64, r-release-macos-x86_64, r-oldrel-macos-arm64, r-oldrel-macos-x86_64
Version: 0.8.0
Check: Rd cross-references
Result: NOTE
Undeclared packages ‘tibble’, ‘data.table’ in Rd xrefs
Flavor: r-devel-linux-x86_64-fedora-clang