Last updated on 2022-05-15 01:52:25 CEST.
Flavor | Version | Tinstall | Tcheck | Ttotal | Status | Flags |
---|---|---|---|---|---|---|
r-devel-linux-x86_64-debian-clang | 1.10 | 11.47 | 88.54 | 100.01 | NOTE | |
r-devel-linux-x86_64-debian-gcc | 1.10 | 7.78 | 65.97 | 73.75 | NOTE | |
r-devel-linux-x86_64-fedora-clang | 1.10 | 115.66 | NOTE | |||
r-devel-linux-x86_64-fedora-gcc | 1.10 | 115.08 | NOTE | |||
r-devel-windows-x86_64 | 1.10 | 46.00 | 113.00 | 159.00 | NOTE | |
r-patched-linux-x86_64 | 1.10 | 12.20 | 82.19 | 94.39 | NOTE | |
r-release-linux-x86_64 | 1.10 | 7.03 | 83.20 | 90.23 | NOTE | |
r-release-macos-arm64 | 1.10 | 26.00 | NOTE | |||
r-release-macos-x86_64 | 1.10 | 45.00 | NOTE | |||
r-release-windows-x86_64 | 1.10 | 44.00 | 228.00 | 272.00 | NOTE | |
r-oldrel-macos-arm64 | 1.10 | 34.00 | NOTE | |||
r-oldrel-macos-x86_64 | 1.10 | 51.00 | NOTE | |||
r-oldrel-windows-ix86+x86_64 | 1.10 | 21.00 | 100.00 | 121.00 | NOTE |
Version: 1.10
Check: LazyData
Result: NOTE
'LazyData' is specified without a 'data' directory
Flavors: r-devel-linux-x86_64-debian-clang, r-devel-linux-x86_64-debian-gcc, r-devel-linux-x86_64-fedora-clang, r-devel-linux-x86_64-fedora-gcc, r-devel-windows-x86_64, r-patched-linux-x86_64, r-release-linux-x86_64, r-release-macos-arm64, r-release-macos-x86_64, r-release-windows-x86_64, r-oldrel-macos-arm64, r-oldrel-macos-x86_64, r-oldrel-windows-ix86+x86_64