Last updated on 2022-05-15 01:52:25 CEST.
Flavor | Version | Tinstall | Tcheck | Ttotal | Status | Flags |
---|---|---|---|---|---|---|
r-devel-linux-x86_64-debian-clang | 0.8-6 | 187.41 | 287.55 | 474.96 | NOTE | |
r-devel-linux-x86_64-debian-gcc | 0.8-6 | 146.81 | 213.29 | 360.10 | NOTE | |
r-devel-linux-x86_64-fedora-clang | 0.8-6 | 629.52 | NOTE | |||
r-devel-linux-x86_64-fedora-gcc | 0.8-6 | 610.00 | NOTE | |||
r-devel-windows-x86_64 | 0.8-6 | 188.00 | 340.00 | 528.00 | NOTE | |
r-patched-linux-x86_64 | 0.8-6 | 146.41 | 275.18 | 421.59 | NOTE | |
r-release-linux-x86_64 | 0.8-6 | 120.58 | 276.82 | 397.40 | NOTE | |
r-release-macos-arm64 | 0.8-6 | 168.00 | NOTE | |||
r-release-macos-x86_64 | 0.8-6 | 222.00 | NOTE | |||
r-release-windows-x86_64 | 0.8-6 | 182.00 | 361.00 | 543.00 | NOTE | |
r-oldrel-macos-arm64 | 0.8-6 | 147.00 | NOTE | |||
r-oldrel-macos-x86_64 | 0.8-6 | 205.00 | NOTE | |||
r-oldrel-windows-ix86+x86_64 | 0.8-6 | 330.00 | 9.00 | 339.00 | ERROR |
Version: 0.8-6
Check: package dependencies
Result: NOTE
Package suggested but not available for checking: 'cmdstanr'
Flavors: r-devel-linux-x86_64-debian-clang, r-devel-linux-x86_64-debian-gcc, r-devel-linux-x86_64-fedora-clang, r-devel-linux-x86_64-fedora-gcc, r-devel-windows-x86_64, r-patched-linux-x86_64, r-release-linux-x86_64, r-release-macos-arm64, r-release-macos-x86_64, r-release-windows-x86_64, r-oldrel-macos-arm64, r-oldrel-macos-x86_64, r-oldrel-windows-ix86+x86_64
Version: 0.8-6
Check: for GNU extensions in Makefiles
Result: NOTE
GNU make is a SystemRequirements.
Flavors: r-devel-linux-x86_64-debian-clang, r-devel-linux-x86_64-debian-gcc, r-devel-linux-x86_64-fedora-clang, r-devel-linux-x86_64-fedora-gcc, r-devel-windows-x86_64, r-patched-linux-x86_64, r-release-linux-x86_64, r-release-macos-arm64, r-release-macos-x86_64, r-release-windows-x86_64, r-oldrel-macos-arm64, r-oldrel-macos-x86_64
Version: 0.8-6
Check: installed package size
Result: NOTE
installed size is 31.5Mb
sub-directories of 1Mb or more:
libs 30.2Mb
Flavors: r-devel-linux-x86_64-fedora-clang, r-release-macos-arm64, r-release-macos-x86_64, r-oldrel-macos-arm64, r-oldrel-macos-x86_64
Version: 0.8-6
Check: whether package can be installed
Result: ERROR
Installation failed.
Flavor: r-oldrel-windows-ix86+x86_64