Last updated on 2022-05-15 01:52:26 CEST.
Flavor | Version | Tinstall | Tcheck | Ttotal | Status | Flags |
---|---|---|---|---|---|---|
r-devel-linux-x86_64-debian-clang | 2.6 | 17.73 | 339.58 | 357.31 | OK | |
r-devel-linux-x86_64-debian-gcc | 2.6 | 13.53 | 230.66 | 244.19 | OK | |
r-devel-linux-x86_64-fedora-clang | 2.6 | 404.93 | OK | |||
r-devel-linux-x86_64-fedora-gcc | 2.6 | 420.89 | OK | |||
r-devel-windows-x86_64 | 2.6 | 23.00 | 314.00 | 337.00 | OK | |
r-patched-linux-x86_64 | 2.6 | 16.76 | 312.56 | 329.32 | OK | |
r-release-linux-x86_64 | 2.6 | 17.14 | 311.92 | 329.06 | WARN | |
r-release-macos-arm64 | 2.6 | 102.00 | OK | |||
r-release-macos-x86_64 | 2.6 | 165.00 | OK | |||
r-release-windows-x86_64 | 2.6 | 34.00 | 316.00 | 350.00 | OK | |
r-oldrel-macos-arm64 | 2.6 | 87.00 | OK | |||
r-oldrel-macos-x86_64 | 2.6 | 173.00 | OK | |||
r-oldrel-windows-ix86+x86_64 | 2.6 | 34.00 | 358.00 | 392.00 | OK |
Version: 2.6
Check: package dependencies
Result: WARN
Requires orphaned package: ‘geiger’
Flavor: r-release-linux-x86_64