Last updated on 2022-05-15 01:52:26 CEST.
Flavor | Version | Tinstall | Tcheck | Ttotal | Status | Flags |
---|---|---|---|---|---|---|
r-devel-linux-x86_64-debian-clang | 1.0.0 | 4.01 | 46.44 | 50.45 | NOTE | |
r-devel-linux-x86_64-debian-gcc | 1.0.0 | 2.93 | 35.16 | 38.09 | NOTE | |
r-devel-linux-x86_64-fedora-clang | 1.0.0 | 60.42 | NOTE | |||
r-devel-linux-x86_64-fedora-gcc | 1.0.0 | 61.25 | NOTE | |||
r-devel-windows-x86_64 | 1.0.0 | 9.00 | 68.00 | 77.00 | NOTE | |
r-patched-linux-x86_64 | 1.0.0 | 3.21 | 44.51 | 47.72 | NOTE | |
r-release-linux-x86_64 | 1.0.0 | 4.43 | 44.10 | 48.53 | NOTE | |
r-release-macos-arm64 | 1.0.0 | 21.00 | NOTE | |||
r-release-macos-x86_64 | 1.0.0 | 29.00 | NOTE | |||
r-release-windows-x86_64 | 1.0.0 | 8.00 | 66.00 | 74.00 | NOTE | |
r-oldrel-macos-arm64 | 1.0.0 | 27.00 | NOTE | |||
r-oldrel-macos-x86_64 | 1.0.0 | 34.00 | NOTE | |||
r-oldrel-windows-ix86+x86_64 | 1.0.0 | 10.00 | 56.00 | 66.00 | NOTE |
Version: 1.0.0
Check: LazyData
Result: NOTE
'LazyData' is specified without a 'data' directory
Flavors: r-devel-linux-x86_64-debian-clang, r-devel-linux-x86_64-debian-gcc, r-devel-linux-x86_64-fedora-clang, r-devel-linux-x86_64-fedora-gcc, r-devel-windows-x86_64, r-patched-linux-x86_64, r-release-linux-x86_64, r-release-macos-arm64, r-release-macos-x86_64, r-release-windows-x86_64, r-oldrel-macos-arm64, r-oldrel-macos-x86_64, r-oldrel-windows-ix86+x86_64