Last updated on 2022-05-15 01:52:25 CEST.
Flavor | Version | Tinstall | Tcheck | Ttotal | Status | Flags |
---|---|---|---|---|---|---|
r-devel-linux-x86_64-debian-clang | 1.46.0 | 15.92 | 196.22 | 212.14 | OK | |
r-devel-linux-x86_64-debian-gcc | 1.46.0 | 16.08 | 143.19 | 159.27 | OK | |
r-devel-linux-x86_64-fedora-clang | 1.46.0 | 244.51 | NOTE | |||
r-devel-linux-x86_64-fedora-gcc | 1.46.0 | 228.81 | OK | |||
r-devel-windows-x86_64 | 1.46.0 | 69.00 | 207.00 | 276.00 | OK | |
r-patched-linux-x86_64 | 1.46.0 | 18.48 | 180.54 | 199.02 | OK | |
r-release-linux-x86_64 | 1.46.0 | 18.23 | 178.89 | 197.12 | OK | |
r-release-macos-arm64 | 1.46.0 | 67.00 | OK | |||
r-release-macos-x86_64 | 1.46.0 | 99.00 | OK | |||
r-release-windows-x86_64 | 1.46.0 | 65.00 | 242.00 | 307.00 | OK | |
r-oldrel-macos-arm64 | 1.46.0 | 69.00 | OK | |||
r-oldrel-macos-x86_64 | 1.46.0 | 95.00 | OK | |||
r-oldrel-windows-ix86+x86_64 | 1.46.0 | 33.00 | 214.00 | 247.00 | OK |
Version: 1.46.0
Check: Rd cross-references
Result: NOTE
Undeclared packages ‘AICcmodavg’, ‘bbmle’, ‘glmulti’, ‘arm’, ‘performance’, ‘wgeesel’, ‘ape’, ‘bestglm’, ‘leaps’, ‘glmmTMB’, ‘brglm’, ‘quantreg’, ‘maxlike’, ‘RMark’ in Rd xrefs
Flavor: r-devel-linux-x86_64-fedora-clang