Last updated on 2022-05-15 01:52:24 CEST.
Flavor | Version | Tinstall | Tcheck | Ttotal | Status | Flags |
---|---|---|---|---|---|---|
r-devel-linux-x86_64-debian-clang | 1.2 | 20.28 | 190.16 | 210.44 | OK | |
r-devel-linux-x86_64-debian-gcc | 1.2 | 17.40 | 139.76 | 157.16 | OK | |
r-devel-linux-x86_64-fedora-clang | 1.2 | 251.36 | NOTE | |||
r-devel-linux-x86_64-fedora-gcc | 1.2 | 253.13 | NOTE | |||
r-devel-windows-x86_64 | 1.2 | 54.00 | 235.00 | 289.00 | OK | |
r-patched-linux-x86_64 | 1.2 | 23.38 | 176.41 | 199.79 | OK | |
r-release-linux-x86_64 | 1.2 | 21.65 | 177.58 | 199.23 | OK | |
r-release-macos-arm64 | 1.2 | 70.00 | NOTE | |||
r-release-macos-x86_64 | 1.2 | 100.00 | NOTE | |||
r-release-windows-x86_64 | 1.2 | 54.00 | 213.00 | 267.00 | OK | |
r-oldrel-macos-arm64 | 1.2 | 43.00 | NOTE | |||
r-oldrel-macos-x86_64 | 1.2 | 83.00 | NOTE | |||
r-oldrel-windows-ix86+x86_64 | 1.2 | 42.00 | 208.00 | 250.00 | ERROR |
Version: 1.2
Check: package dependencies
Result: NOTE
Imports includes 21 non-default packages.
Importing from so many packages makes the package vulnerable to any of
them becoming unavailable. Move as many as possible to Suggests and
use conditionally.
Flavor: r-devel-linux-x86_64-fedora-clang
Version: 1.2
Check: dependencies in R code
Result: NOTE
Namespaces in Imports field not imported from:
‘DT’ ‘glmnet’ ‘pkgload’ ‘plyr’ ‘shinyFiles’ ‘shinyWidgets’
‘shinycssloaders’ ‘shinydashboard’ ‘shinyjs’
All declared Imports should be used.
Flavors: r-devel-linux-x86_64-fedora-clang, r-devel-linux-x86_64-fedora-gcc, r-release-macos-arm64, r-release-macos-x86_64, r-oldrel-macos-arm64, r-oldrel-macos-x86_64
Version: 1.2
Check: PDF version of manual
Result: WARN
LaTeX errors when creating PDF version.
This typically indicates Rd problems.
LaTeX errors found:
! Package inputenc Error: Unicode char â<c2><80><c2><90> (U+2010)
(inputenc) not set up for use with LaTeX.
See the inputenc package documentation for explanation.
Type H <return> for immediate help.
Flavor: r-oldrel-windows-ix86+x86_64
Version: 1.2
Check: PDF version of manual without hyperrefs or index
Result: ERROR
Flavor: r-oldrel-windows-ix86+x86_64