Last updated on 2022-05-15 01:52:24 CEST.
Flavor | Version | Tinstall | Tcheck | Ttotal | Status | Flags |
---|---|---|---|---|---|---|
r-devel-linux-x86_64-debian-clang | 1.0.0 | 403.86 | 190.49 | 594.35 | NOTE | |
r-devel-linux-x86_64-debian-gcc | 1.0.0 | 341.49 | 156.41 | 497.90 | NOTE | |
r-devel-linux-x86_64-fedora-clang | 1.0.0 | 825.79 | NOTE | |||
r-devel-linux-x86_64-fedora-gcc | 1.0.0 | 846.11 | NOTE | |||
r-devel-windows-x86_64 | 1.0.0 | 264.00 | 257.00 | 521.00 | NOTE | |
r-patched-linux-x86_64 | 1.0.0 | 348.31 | 200.18 | 548.49 | NOTE | |
r-release-linux-x86_64 | 1.0.0 | 272.98 | 204.64 | 477.62 | NOTE | |
r-release-macos-arm64 | 1.0.0 | 211.00 | NOTE | |||
r-release-macos-x86_64 | 1.0.0 | 346.00 | NOTE | |||
r-release-windows-x86_64 | 1.0.0 | 250.00 | 277.00 | 527.00 | NOTE | |
r-oldrel-macos-arm64 | 1.0.0 | 177.00 | NOTE | |||
r-oldrel-macos-x86_64 | 1.0.0 | 272.00 | NOTE | |||
r-oldrel-windows-ix86+x86_64 | 1.0.0 | 388.00 | 9.00 | 397.00 | ERROR |
Version: 1.0.0
Check: for GNU extensions in Makefiles
Result: NOTE
GNU make is a SystemRequirements.
Flavors: r-devel-linux-x86_64-debian-clang, r-devel-linux-x86_64-debian-gcc, r-devel-linux-x86_64-fedora-clang, r-devel-linux-x86_64-fedora-gcc, r-devel-windows-x86_64, r-patched-linux-x86_64, r-release-linux-x86_64, r-release-macos-arm64, r-release-macos-x86_64, r-release-windows-x86_64, r-oldrel-macos-arm64, r-oldrel-macos-x86_64
Version: 1.0.0
Check: installed package size
Result: NOTE
installed size is 46.2Mb
sub-directories of 1Mb or more:
libs 45.7Mb
Flavors: r-devel-linux-x86_64-fedora-clang, r-release-macos-arm64, r-release-macos-x86_64, r-oldrel-macos-arm64, r-oldrel-macos-x86_64
Version: 1.0.0
Check: whether package can be installed
Result: ERROR
Installation failed.
Flavor: r-oldrel-windows-ix86+x86_64