Last updated on 2022-05-15 01:52:24 CEST.
Flavor | Version | Tinstall | Tcheck | Ttotal | Status | Flags |
---|---|---|---|---|---|---|
r-devel-linux-x86_64-debian-clang | 1.0.1 | 1.92 | 47.81 | 49.73 | NOTE | |
r-devel-linux-x86_64-debian-gcc | 1.0.1 | 2.29 | 36.04 | 38.33 | NOTE | |
r-devel-linux-x86_64-fedora-clang | 1.0.1 | 66.88 | NOTE | |||
r-devel-linux-x86_64-fedora-gcc | 1.0.1 | 63.24 | NOTE | |||
r-devel-windows-x86_64 | 1.0.1 | 14.00 | 73.00 | 87.00 | OK | |
r-patched-linux-x86_64 | 1.0.1 | 3.46 | 46.66 | 50.12 | NOTE | |
r-release-linux-x86_64 | 1.0.1 | 2.73 | 46.63 | 49.36 | NOTE | |
r-release-macos-arm64 | 1.0.1 | 22.00 | OK | |||
r-release-macos-x86_64 | 1.0.1 | 26.00 | OK | |||
r-release-windows-x86_64 | 1.0.1 | 19.00 | 137.00 | 156.00 | OK | |
r-oldrel-macos-arm64 | 1.0.1 | 22.00 | OK | |||
r-oldrel-macos-x86_64 | 1.0.1 | 34.00 | OK | |||
r-oldrel-windows-ix86+x86_64 | 1.0.1 | 6.00 | 73.00 | 79.00 | OK |
Version: 1.0.1
Check: for non-standard things in the check directory
Result: NOTE
Found the following files/directories:
'MetProc_output.pdf' 'sample_removed.csv' 'sample_retained.csv'
Flavors: r-devel-linux-x86_64-debian-clang, r-devel-linux-x86_64-debian-gcc, r-devel-linux-x86_64-fedora-clang, r-devel-linux-x86_64-fedora-gcc, r-patched-linux-x86_64, r-release-linux-x86_64