Last updated on 2022-05-15 01:52:23 CEST.
Flavor | Version | Tinstall | Tcheck | Ttotal | Status | Flags |
---|---|---|---|---|---|---|
r-devel-linux-x86_64-debian-clang | 0.7 | 63.95 | 228.18 | 292.13 | OK | |
r-devel-linux-x86_64-debian-gcc | 0.7 | 59.14 | 164.30 | 223.44 | OK | |
r-devel-linux-x86_64-fedora-clang | 0.7 | 343.76 | NOTE | |||
r-devel-linux-x86_64-fedora-gcc | 0.7 | 359.32 | OK | |||
r-devel-windows-x86_64 | 0.7 | 131.00 | 270.00 | 401.00 | OK | |
r-patched-linux-x86_64 | 0.7 | 57.58 | 212.09 | 269.67 | OK | |
r-release-linux-x86_64 | 0.7 | 59.88 | 208.34 | 268.22 | OK | |
r-release-macos-arm64 | 0.7 | 91.00 | NOTE | |||
r-release-macos-x86_64 | 0.7 | 144.00 | NOTE | |||
r-release-windows-x86_64 | 0.7 | 131.00 | 279.00 | 410.00 | OK | |
r-oldrel-macos-arm64 | 0.7 | 84.00 | NOTE | |||
r-oldrel-macos-x86_64 | 0.7 | 114.00 | NOTE | |||
r-oldrel-windows-ix86+x86_64 | 0.7 | 128.00 | 451.00 | 579.00 | OK |
Version: 0.7
Check: installed package size
Result: NOTE
installed size is 5.5Mb
sub-directories of 1Mb or more:
libs 4.7Mb
Flavors: r-devel-linux-x86_64-fedora-clang, r-release-macos-arm64, r-release-macos-x86_64, r-oldrel-macos-arm64, r-oldrel-macos-x86_64