CRAN Package Check Results for Package MedLEA

Last updated on 2022-05-15 01:52:23 CEST.

Flavor Version Tinstall Tcheck Ttotal Status Flags
r-devel-linux-x86_64-debian-clang 1.0.1 1.69 37.75 39.44 OK
r-devel-linux-x86_64-debian-gcc 1.0.1 1.97 28.88 30.85 OK
r-devel-linux-x86_64-fedora-clang 1.0.1 49.35 NOTE
r-devel-linux-x86_64-fedora-gcc 1.0.1 46.56 NOTE
r-devel-windows-x86_64 1.0.1 10.00 54.00 64.00 OK
r-patched-linux-x86_64 1.0.1 1.63 36.61 38.24 OK
r-release-linux-x86_64 1.0.1 1.56 36.13 37.69 OK
r-release-macos-arm64 1.0.1 18.00 NOTE
r-release-macos-x86_64 1.0.1 28.00 NOTE
r-release-windows-x86_64 1.0.1 10.00 50.00 60.00 OK
r-oldrel-macos-arm64 1.0.1 34.00 NOTE
r-oldrel-macos-x86_64 1.0.1 29.00 NOTE
r-oldrel-windows-ix86+x86_64 1.0.1 7.00 50.00 57.00 OK

Check Details

Version: 1.0.1
Check: dependencies in R code
Result: NOTE
    Namespaces in Imports field not imported from:
     ‘patchwork’ ‘tidyverse’ ‘tm’ ‘wordcloud2’
     All declared Imports should be used.
Flavors: r-devel-linux-x86_64-fedora-clang, r-devel-linux-x86_64-fedora-gcc, r-release-macos-arm64, r-release-macos-x86_64, r-oldrel-macos-arm64, r-oldrel-macos-x86_64