CRAN Package Check Results for Package MazamaSpatialPlots

Last updated on 2022-05-15 01:52:23 CEST.

Flavor Version Tinstall Tcheck Ttotal Status Flags
r-devel-linux-x86_64-debian-clang 0.1.2 35.74 395.95 431.69 OK
r-devel-linux-x86_64-debian-gcc 0.1.2 28.74 292.71 321.45 OK
r-devel-linux-x86_64-fedora-clang 0.1.2 453.10 NOTE
r-devel-linux-x86_64-fedora-gcc 0.1.2 536.13 NOTE
r-devel-windows-x86_64 0.1.2 107.00 415.00 522.00 OK
r-patched-linux-x86_64 0.1.2 36.14 373.02 409.16 OK
r-release-linux-x86_64 0.1.2 34.01 375.65 409.66 OK
r-release-macos-arm64 0.1.2 135.00 NOTE
r-release-macos-x86_64 0.1.2 213.00 NOTE
r-release-windows-x86_64 0.1.2 66.00 1132.00 1198.00 OK
r-oldrel-macos-arm64 0.1.2 94.00 NOTE
r-oldrel-macos-x86_64 0.1.2 107.00 NOTE
r-oldrel-windows-ix86+x86_64 0.1.2 97.00 431.00 528.00 OK

Check Details

Version: 0.1.2
Check: dependencies in R code
Result: NOTE
    Namespace in Imports field not imported from: ‘sf’
     All declared Imports should be used.
Flavors: r-devel-linux-x86_64-fedora-clang, r-devel-linux-x86_64-fedora-gcc, r-release-macos-arm64, r-release-macos-x86_64, r-oldrel-macos-arm64, r-oldrel-macos-x86_64

Version: 0.1.2
Check: data for non-ASCII characters
Result: NOTE
     Note: found 18 marked UTF-8 strings
Flavors: r-devel-linux-x86_64-fedora-clang, r-devel-linux-x86_64-fedora-gcc, r-release-macos-arm64, r-release-macos-x86_64, r-oldrel-macos-arm64, r-oldrel-macos-x86_64