Last updated on 2022-05-15 01:52:23 CEST.
Flavor | Version | Tinstall | Tcheck | Ttotal | Status | Flags |
---|---|---|---|---|---|---|
r-devel-linux-x86_64-debian-clang | 4.3.4 | 70.77 | 258.10 | 328.87 | NOTE | |
r-devel-linux-x86_64-debian-gcc | 4.3.4 | 57.36 | 192.95 | 250.31 | NOTE | |
r-devel-linux-x86_64-fedora-clang | 4.3.4 | 301.82 | NOTE | |||
r-devel-linux-x86_64-fedora-gcc | 4.3.4 | 434.03 | NOTE | |||
r-devel-windows-x86_64 | 4.3.4 | 79.00 | 299.00 | 378.00 | NOTE | |
r-patched-linux-x86_64 | 4.3.4 | 61.56 | 241.74 | 303.30 | NOTE | |
r-release-linux-x86_64 | 4.3.4 | 59.17 | 240.38 | 299.55 | NOTE | |
r-release-macos-arm64 | 4.3.4 | 115.00 | NOTE | |||
r-release-macos-x86_64 | 4.3.4 | 166.00 | NOTE | |||
r-release-windows-x86_64 | 4.3.4 | 86.00 | 234.00 | 320.00 | NOTE | |
r-oldrel-macos-arm64 | 4.3.4 | 121.00 | NOTE | |||
r-oldrel-macos-x86_64 | 4.3.4 | 150.00 | NOTE | |||
r-oldrel-windows-ix86+x86_64 | 4.3.4 | 161.00 | 366.00 | 527.00 | NOTE |
Version: 4.3.4
Check: package dependencies
Result: NOTE
Package suggested but not available for checking: 'gurobi'
Flavors: r-devel-linux-x86_64-debian-clang, r-devel-linux-x86_64-debian-gcc, r-devel-linux-x86_64-fedora-clang, r-devel-linux-x86_64-fedora-gcc, r-devel-windows-x86_64, r-patched-linux-x86_64, r-release-linux-x86_64, r-release-macos-arm64, r-release-macos-x86_64, r-release-windows-x86_64, r-oldrel-macos-arm64, r-oldrel-macos-x86_64, r-oldrel-windows-ix86+x86_64
Version: 4.3.4
Check: installed package size
Result: NOTE
installed size is 5.3Mb
sub-directories of 1Mb or more:
doc 1.5Mb
libs 2.8Mb
Flavor: r-oldrel-macos-arm64