Last updated on 2022-05-15 01:52:24 CEST.
Flavor | Version | Tinstall | Tcheck | Ttotal | Status | Flags |
---|---|---|---|---|---|---|
r-devel-linux-x86_64-debian-clang | 1.3.7 | 19.37 | 359.14 | 378.51 | OK | |
r-devel-linux-x86_64-debian-gcc | 1.3.7 | 14.59 | 267.89 | 282.48 | OK | |
r-devel-linux-x86_64-fedora-clang | 1.3.7 | 429.48 | NOTE | |||
r-devel-linux-x86_64-fedora-gcc | 1.3.7 | 414.66 | NOTE | |||
r-devel-windows-x86_64 | 1.3.7 | 25.00 | 292.00 | 317.00 | OK | |
r-patched-linux-x86_64 | 1.3.7 | 16.56 | 338.79 | 355.35 | OK | |
r-release-linux-x86_64 | 1.3.7 | 18.10 | 332.22 | 350.32 | OK | |
r-release-macos-arm64 | 1.3.7 | 96.00 | NOTE | |||
r-release-macos-x86_64 | 1.3.7 | 176.00 | NOTE | |||
r-release-windows-x86_64 | 1.3.7 | 26.00 | 240.00 | 266.00 | OK | |
r-oldrel-macos-arm64 | 1.3.7 | 107.00 | NOTE | |||
r-oldrel-macos-x86_64 | 1.3.7 | 124.00 | NOTE | |||
r-oldrel-windows-ix86+x86_64 | 1.3.7 | 42.00 | 331.00 | 373.00 | OK |
Version: 1.3.7
Check: dependencies in R code
Result: NOTE
Namespace in Imports field not imported from: ‘ranger’
All declared Imports should be used.
Flavors: r-devel-linux-x86_64-fedora-clang, r-devel-linux-x86_64-fedora-gcc, r-release-macos-arm64, r-release-macos-x86_64, r-oldrel-macos-arm64, r-oldrel-macos-x86_64