CRAN Package Check Results for Package MLDataR

Last updated on 2022-05-15 01:52:24 CEST.

Flavor Version Tinstall Tcheck Ttotal Status Flags
r-devel-linux-x86_64-debian-clang 0.1.3 2.32 57.75 60.07 OK
r-devel-linux-x86_64-debian-gcc 0.1.3 2.17 44.31 46.48 OK
r-devel-linux-x86_64-fedora-clang 0.1.3 75.64 NOTE
r-devel-linux-x86_64-fedora-gcc 0.1.3 69.94 NOTE
r-devel-windows-x86_64 0.1.3 16.00 77.00 93.00 OK
r-patched-linux-x86_64 0.1.3 2.91 54.86 57.77 OK
r-release-linux-x86_64 0.1.3 1.75 55.22 56.97 OK
r-release-macos-arm64 0.1.3 23.00 NOTE
r-release-macos-x86_64 0.1.3 39.00 NOTE
r-release-windows-x86_64 0.1.3 13.00 76.00 89.00 OK
r-oldrel-macos-arm64 0.1.3 27.00 NOTE
r-oldrel-macos-x86_64 0.1.3 31.00 NOTE
r-oldrel-windows-ix86+x86_64 0.1.3 10.00 69.00 79.00 OK

Check Details

Version: 0.1.3
Check: dependencies in R code
Result: NOTE
    Namespaces in Imports field not imported from:
     ‘ConfusionTableR’ ‘OddsPlotty’ ‘caret’ ‘dplyr’ ‘ggplot2’ ‘parsnip’
     ‘ranger’ ‘recipes’ ‘rsample’ ‘varhandle’ ‘workflows’
     All declared Imports should be used.
Flavors: r-devel-linux-x86_64-fedora-clang, r-devel-linux-x86_64-fedora-gcc, r-release-macos-arm64, r-release-macos-x86_64, r-oldrel-macos-arm64, r-oldrel-macos-x86_64