Last updated on 2022-05-15 01:52:24 CEST.
Flavor | Version | Tinstall | Tcheck | Ttotal | Status | Flags |
---|---|---|---|---|---|---|
r-devel-linux-x86_64-debian-clang | 1.0.0 | 2.95 | 40.98 | 43.93 | WARN | |
r-devel-linux-x86_64-debian-gcc | 1.0.0 | 2.04 | 31.91 | 33.95 | WARN | |
r-devel-linux-x86_64-fedora-clang | 1.0.0 | 57.68 | WARN | |||
r-devel-linux-x86_64-fedora-gcc | 1.0.0 | 57.46 | WARN | |||
r-devel-windows-x86_64 | 1.0.0 | 21.00 | 79.00 | 100.00 | OK | |
r-patched-linux-x86_64 | 1.0.0 | 3.13 | 40.57 | 43.70 | WARN | |
r-release-linux-x86_64 | 1.0.0 | 2.49 | 39.71 | 42.20 | WARN | |
r-release-macos-arm64 | 1.0.0 | 19.00 | NOTE | |||
r-release-macos-x86_64 | 1.0.0 | 34.00 | NOTE | |||
r-release-windows-x86_64 | 1.0.0 | 23.00 | 60.00 | 83.00 | OK | |
r-oldrel-macos-arm64 | 1.0.0 | 24.00 | NOTE | |||
r-oldrel-macos-x86_64 | 1.0.0 | 32.00 | NOTE | |||
r-oldrel-windows-ix86+x86_64 | 1.0.0 | 7.00 | 51.00 | 58.00 | OK |
Version: 1.0.0
Check: sizes of PDF files under ‘inst/doc’
Result: WARN
'gs+qpdf' made some significant size reductions:
compacted 'ml2p_vae_vignette.pdf' from 381Kb to 130Kb
consider running tools::compactPDF(gs_quality = "ebook") on these files
Flavors: r-devel-linux-x86_64-debian-clang, r-devel-linux-x86_64-debian-gcc, r-devel-linux-x86_64-fedora-clang, r-devel-linux-x86_64-fedora-gcc, r-patched-linux-x86_64, r-release-linux-x86_64
Version: 1.0.0
Check: dependencies in R code
Result: NOTE
Namespace in Imports field not imported from: ‘reticulate’
All declared Imports should be used.
Flavors: r-devel-linux-x86_64-fedora-clang, r-devel-linux-x86_64-fedora-gcc, r-release-macos-arm64, r-release-macos-x86_64, r-oldrel-macos-arm64, r-oldrel-macos-x86_64