Last updated on 2022-05-15 01:52:23 CEST.
Flavor | Version | Tinstall | Tcheck | Ttotal | Status | Flags |
---|---|---|---|---|---|---|
r-devel-linux-x86_64-debian-clang | 3.11.4 | 17.17 | 290.33 | 307.50 | OK | |
r-devel-linux-x86_64-debian-gcc | 3.11.4 | 18.89 | 209.23 | 228.12 | OK | |
r-devel-linux-x86_64-fedora-clang | 3.11.4 | 405.57 | NOTE | |||
r-devel-linux-x86_64-fedora-gcc | 3.11.4 | 368.90 | OK | |||
r-devel-windows-x86_64 | 3.11.4 | 71.00 | 361.00 | 432.00 | NOTE | |
r-patched-linux-x86_64 | 3.11.4 | 24.45 | 270.94 | 295.39 | OK | |
r-release-linux-x86_64 | 3.11.4 | 20.68 | 270.09 | 290.77 | OK | |
r-release-macos-arm64 | 3.11.4 | 88.00 | NOTE | |||
r-release-macos-x86_64 | 3.11.4 | 123.00 | NOTE | |||
r-release-windows-x86_64 | 3.11.4 | 70.00 | 351.00 | 421.00 | NOTE | |
r-oldrel-macos-arm64 | 3.11.4 | 94.00 | NOTE | |||
r-oldrel-macos-x86_64 | 3.11.4 | 127.00 | NOTE | |||
r-oldrel-windows-ix86+x86_64 | 3.11.4 | 35.00 | 312.00 | 347.00 | NOTE |
Version: 3.11.4
Check: installed package size
Result: NOTE
installed size is 5.1Mb
sub-directories of 1Mb or more:
doc 3.7Mb
Flavors: r-devel-linux-x86_64-fedora-clang, r-devel-windows-x86_64, r-release-macos-arm64, r-release-macos-x86_64, r-release-windows-x86_64, r-oldrel-macos-arm64, r-oldrel-macos-x86_64, r-oldrel-windows-ix86+x86_64